{"id":2,"date":"2024-09-12T10:44:22","date_gmt":"2024-09-12T13:44:22","guid":{"rendered":"http:\/\/pesquisa.ifg.edu.br\/uruweb\/?page_id=2"},"modified":"2024-09-19T16:05:20","modified_gmt":"2024-09-19T19:05:20","slug":"ifmaker","status":"publish","type":"page","link":"https:\/\/pesquisa.ifg.edu.br\/uruweb\/ifmaker\/","title":{"rendered":"IFMaker"},"content":{"rendered":"<p>Esta \u00e9 uma p\u00e1gina de exemplo. \u00c9 diferente de um post porque ela ficar\u00e1 em um local e ser\u00e1 exibida na navega\u00e7\u00e3o do seu site (na maioria dos temas). A maioria das pessoas come\u00e7a com uma p\u00e1gina de introdu\u00e7\u00e3o aos potenciais visitantes do site. Ela pode ser assim:<\/p>\n<blockquote><p>Ol\u00e1! Eu sou um bike courrier de dia, ator amador \u00e0 noite e este \u00e9 meu blog. Eu moro em S\u00e3o Paulo, tenho um cachorro chamado Tonico e eu gosto de caipirinhas. (E de ser pego pela chuva.)<\/p><\/blockquote>\n<p>ou assim:<\/p>\n<blockquote><p>A XYZ foi fundada em 1971 e desde ent\u00e3o vem proporcionando produtos de qualidade a seus clientes. Localizada em Valinhos, XYZ emprega mais de 2.000 pessoas e faz v\u00e1rias contribui\u00e7\u00f5es para a comunidade local.<\/p><\/blockquote>\n<p>Como um novo usu\u00e1rio do WordPress, voc\u00ea deve ir at\u00e9 o <a href=\"http:\/\/pesquisa.ifg.edu.br\/uruweb\/wp-admin\/\">seu painel<\/a> para excluir essa p\u00e1gina e criar novas p\u00e1ginas com seu pr\u00f3prio conte\u00fado. Divirta-se!<\/p>\n","protected":false},"excerpt":{"rendered":"<p>Esta \u00e9 uma p\u00e1gina de exemplo. \u00c9 diferente de um post porque ela ficar\u00e1 em um local e ser\u00e1 exibida na navega\u00e7\u00e3o do seu site (na maioria dos temas). A maioria das pessoas come\u00e7a com uma p\u00e1gina de introdu\u00e7\u00e3o aos potenciais visitantes do site. Ela pode ser assim: Ol\u00e1! Eu sou um bike courrier de <a href=\"https:\/\/pesquisa.ifg.edu.br\/uruweb\/ifmaker\/\" rel=\"nofollow\"><span class=\"sr-only\">Leia mais sobreIFMaker<\/span>[&hellip;]<\/a><\/p>\n","protected":false},"author":87,"featured_media":0,"parent":0,"menu_order":0,"comment_status":"closed","ping_status":"open","template":"","meta":{"_monsterinsights_skip_tracking":false,"_monsterinsights_sitenote_active":false,"_monsterinsights_sitenote_note":"","_monsterinsights_sitenote_category":0,"footnotes":""},"class_list":["post-2","page","type-page","status-publish","hentry"],"_links":{"self":[{"href":"https:\/\/pesquisa.ifg.edu.br\/uruweb\/wp-json\/wp\/v2\/pages\/2"}],"collection":[{"href":"https:\/\/pesquisa.ifg.edu.br\/uruweb\/wp-json\/wp\/v2\/pages"}],"about":[{"href":"https:\/\/pesquisa.ifg.edu.br\/uruweb\/wp-json\/wp\/v2\/types\/page"}],"author":[{"embeddable":true,"href":"https:\/\/pesquisa.ifg.edu.br\/uruweb\/wp-json\/wp\/v2\/users\/87"}],"replies":[{"embeddable":true,"href":"https:\/\/pesquisa.ifg.edu.br\/uruweb\/wp-json\/wp\/v2\/comments?post=2"}],"version-history":[{"count":1,"href":"https:\/\/pesquisa.ifg.edu.br\/uruweb\/wp-json\/wp\/v2\/pages\/2\/revisions"}],"predecessor-version":[{"id":21,"href":"https:\/\/pesquisa.ifg.edu.br\/uruweb\/wp-json\/wp\/v2\/pages\/2\/revisions\/21"}],"wp:attachment":[{"href":"https:\/\/pesquisa.ifg.edu.br\/uruweb\/wp-json\/wp\/v2\/media?parent=2"}],"curies":[{"name":"wp","href":"https:\/\/api.w.org\/{rel}","templated":true}]}}