{"id":1506,"date":"2025-05-04T21:20:22","date_gmt":"2025-05-05T00:20:22","guid":{"rendered":"https:\/\/pesquisa.ifg.edu.br\/sitelabea-lci\/?page_id=1506"},"modified":"2025-06-08T07:54:10","modified_gmt":"2025-06-08T10:54:10","slug":"secao-2","status":"publish","type":"page","link":"https:\/\/pesquisa.ifg.edu.br\/sitelabea-lci\/secao-2\/","title":{"rendered":"Se\u00e7\u00e3o 2"},"content":{"rendered":"\t\t<div data-elementor-type=\"wp-page\" data-elementor-id=\"1506\" class=\"elementor elementor-1506\">\n\t\t\t\t<div class=\"elementor-element elementor-element-5691156 e-flex e-con-boxed e-con e-parent\" data-id=\"5691156\" data-element_type=\"container\" data-e-type=\"container\">\n\t\t\t\t\t<div class=\"e-con-inner\">\n\t\t<div class=\"elementor-element elementor-element-1fdfefa e-con-full e-flex e-con e-child\" data-id=\"1fdfefa\" data-element_type=\"container\" data-e-type=\"container\">\n\t\t\t\t<div class=\"elementor-element elementor-element-04f93c9 elementor-widget elementor-widget-heading\" data-id=\"04f93c9\" data-element_type=\"widget\" data-e-type=\"widget\" data-widget_type=\"heading.default\">\n\t\t\t\t<div class=\"elementor-widget-container\">\n\t\t\t\t\t<h3 class=\"elementor-heading-title elementor-size-default\">Estrutura das atividades - Internet e sites<\/h3>\t\t\t\t<\/div>\n\t\t\t\t<\/div>\n\t\t\t\t<\/div>\n\t\t<div class=\"elementor-element elementor-element-12e04bd e-con-full e-flex e-con e-child\" data-id=\"12e04bd\" data-element_type=\"container\" data-e-type=\"container\">\n\t\t\t\t<div class=\"elementor-element elementor-element-e89c81f elementor-widget elementor-widget-text-editor\" data-id=\"e89c81f\" data-element_type=\"widget\" data-e-type=\"widget\" data-widget_type=\"text-editor.default\">\n\t\t\t\t<div class=\"elementor-widget-container\">\n\t\t\t\t\t\t\t\t\t<p>Nesta se\u00e7\u00e3o, apresenta-se uma estrutura que serve de base para a elabora\u00e7\u00e3o de atividades voltadas ao desenvolvimento de conte\u00fados relacionados \u00e0 Internet e aos sites. Ressalta-se que esse processo te<span style=\"font-family: Lato, sans-serif\">m in\u00edcio com a an\u00e1lise das respostas ao question\u00e1rio diagn\u00f3stico apresentado na\u00a0<\/span><a href=\"https:\/\/pesquisa.ifg.edu.br\/sitelabea-lci\/secao-1\/\" target=\"_blank\" rel=\"noopener\">Se\u00e7\u00e3o 1<\/a><span style=\"font-family: Lato, sans-serif\">. Com base nessa an\u00e1lise, as atividades s\u00e3o planejadas segundo a estrutura previamente proposta.\u00a0<\/span><span style=\"font-family: Lato, sans-serif\">A figura a seguir apresenta o fluxo l\u00f3gico das etapas para o desenvolvimento dos conte\u00fados relacionados a internet e sites.<\/span><\/p>\t\t\t\t\t\t\t\t<\/div>\n\t\t\t\t<\/div>\n\t\t\t\t<\/div>\n\t\t<div class=\"elementor-element elementor-element-54c9fc4 e-con-full e-flex e-con e-child\" data-id=\"54c9fc4\" data-element_type=\"container\" data-e-type=\"container\">\n\t\t\t\t<div class=\"elementor-element elementor-element-749bf62 elementor-widget__width-initial elementor-widget elementor-widget-image\" data-id=\"749bf62\" data-element_type=\"widget\" data-e-type=\"widget\" data-widget_type=\"image.default\">\n\t\t\t\t<div class=\"elementor-widget-container\">\n\t\t\t\t\t\t\t\t\t\t\t\t\t\t\t<img fetchpriority=\"high\" decoding=\"async\" width=\"675\" height=\"692\" src=\"https:\/\/pesquisa.ifg.edu.br\/sitelabea-lci\/wp-content\/uploads\/sites\/31\/2025\/05\/Internet-e-sites-Fluxo-continuo-de-aprendizagem-e1746413642522.png\" class=\"attachment-full size-full wp-image-1599\" alt=\"\" srcset=\"https:\/\/pesquisa.ifg.edu.br\/sitelabea-lci\/wp-content\/uploads\/sites\/31\/2025\/05\/Internet-e-sites-Fluxo-continuo-de-aprendizagem-e1746413642522.png 675w, https:\/\/pesquisa.ifg.edu.br\/sitelabea-lci\/wp-content\/uploads\/sites\/31\/2025\/05\/Internet-e-sites-Fluxo-continuo-de-aprendizagem-e1746413642522-293x300.png 293w\" sizes=\"(max-width: 675px) 100vw, 675px\" \/>\t\t\t\t\t\t\t\t\t\t\t\t\t\t\t<\/div>\n\t\t\t\t<\/div>\n\t\t\t\t<\/div>\n\t\t<div class=\"elementor-element elementor-element-4755bd1 e-con-full e-flex e-con e-child\" data-id=\"4755bd1\" data-element_type=\"container\" data-e-type=\"container\">\n\t\t\t\t<div class=\"elementor-element elementor-element-34f4400 elementor-widget elementor-widget-text-editor\" data-id=\"34f4400\" data-element_type=\"widget\" data-e-type=\"widget\" data-widget_type=\"text-editor.default\">\n\t\t\t\t<div class=\"elementor-widget-container\">\n\t\t\t\t\t\t\t\t\t<p>Essa estrutura representa as conex\u00f5es entre os elementos materiais \u4e00 Internet e sites \u4e00 articulando as estrat\u00e9gias de letramento computacional com as pr\u00e1ticas cotidianas dos estudantes do Proeja. A partir dela, \u00e9 poss\u00edvel desenvolver pr\u00e1ticas pedag\u00f3gicas significativas e contextualizadas, que promovam tanto a integra\u00e7\u00e3o das estrat\u00e9gias quanto o preenchimento de lacunas em habilidades b\u00e1sicas essenciais.<\/p><p>Para facilitar o entendimento, foi criada uma atividade-exemplo para o desenvolvimento de conte\u00fados relacionados a Internet e aos sites, considerando os dados dos estudantes do Proeja coletados durante a pesquisa realizada no curso T\u00e9cnico em Enfermagem do IFG &#8211; campus \u00c1guas Lindas -, especificamente durante as aulas da disciplina de Inform\u00e1tica B\u00e1sica II.\u00a0<\/p><p>A figura a seguir apresenta a atividade-exemplo mencionada.<\/p>\t\t\t\t\t\t\t\t<\/div>\n\t\t\t\t<\/div>\n\t\t<div class=\"elementor-element elementor-element-eca9a8d e-con-full e-flex e-con e-child\" data-id=\"eca9a8d\" data-element_type=\"container\" data-e-type=\"container\">\n\t\t\t\t<div class=\"elementor-element elementor-element-aba442f elementor-widget elementor-widget-image\" data-id=\"aba442f\" data-element_type=\"widget\" data-e-type=\"widget\" data-widget_type=\"image.default\">\n\t\t\t\t<div class=\"elementor-widget-container\">\n\t\t\t\t\t\t\t\t\t\t\t\t\t\t\t<img decoding=\"async\" width=\"1414\" height=\"4000\" src=\"https:\/\/pesquisa.ifg.edu.br\/sitelabea-lci\/wp-content\/uploads\/sites\/31\/2025\/05\/Atividade-exemplo-Internet-e-Sites.png\" class=\"attachment-full size-full wp-image-2711\" alt=\"\" srcset=\"https:\/\/pesquisa.ifg.edu.br\/sitelabea-lci\/wp-content\/uploads\/sites\/31\/2025\/05\/Atividade-exemplo-Internet-e-Sites.png 1414w, https:\/\/pesquisa.ifg.edu.br\/sitelabea-lci\/wp-content\/uploads\/sites\/31\/2025\/05\/Atividade-exemplo-Internet-e-Sites-106x300.png 106w, https:\/\/pesquisa.ifg.edu.br\/sitelabea-lci\/wp-content\/uploads\/sites\/31\/2025\/05\/Atividade-exemplo-Internet-e-Sites-362x1024.png 362w, https:\/\/pesquisa.ifg.edu.br\/sitelabea-lci\/wp-content\/uploads\/sites\/31\/2025\/05\/Atividade-exemplo-Internet-e-Sites-768x2173.png 768w, https:\/\/pesquisa.ifg.edu.br\/sitelabea-lci\/wp-content\/uploads\/sites\/31\/2025\/05\/Atividade-exemplo-Internet-e-Sites-543x1536.png 543w, https:\/\/pesquisa.ifg.edu.br\/sitelabea-lci\/wp-content\/uploads\/sites\/31\/2025\/05\/Atividade-exemplo-Internet-e-Sites-724x2048.png 724w\" sizes=\"(max-width: 1414px) 100vw, 1414px\" \/>\t\t\t\t\t\t\t\t\t\t\t\t\t\t\t<\/div>\n\t\t\t\t<\/div>\n\t\t\t\t<\/div>\n\t\t\t\t<div class=\"elementor-element elementor-element-10301cc elementor-widget-divider--separator-type-pattern elementor-widget-divider--no-spacing elementor-widget-divider--view-line elementor-widget elementor-widget-divider\" data-id=\"10301cc\" data-element_type=\"widget\" data-e-type=\"widget\" data-widget_type=\"divider.default\">\n\t\t\t\t<div class=\"elementor-widget-container\">\n\t\t\t\t\t\t\t<div class=\"elementor-divider\" style=\"--divider-pattern-url: url(&quot;data:image\/svg+xml,%3Csvg xmlns=&#039;http:\/\/www.w3.org\/2000\/svg&#039; preserveAspectRatio=&#039;none&#039; overflow=&#039;visible&#039; height=&#039;100%&#039; viewBox=&#039;0 0 24 24&#039; fill=&#039;black&#039; stroke=&#039;none&#039;%3E%3Cpath d=&#039;M24,8v12H0V8H24z M24,4v1H0V4H24z&#039;\/%3E%3C\/svg%3E&quot;);\">\n\t\t\t<span class=\"elementor-divider-separator\">\n\t\t\t\t\t\t<\/span>\n\t\t<\/div>\n\t\t\t\t\t\t<\/div>\n\t\t\t\t<\/div>\n\t\t\t\t<\/div>\n\t\t<div class=\"elementor-element elementor-element-4224add e-con-full e-flex e-con e-child\" data-id=\"4224add\" data-element_type=\"container\" data-e-type=\"container\">\n\t\t\t\t<div class=\"elementor-element elementor-element-9623264 elementor-widget elementor-widget-text-editor\" data-id=\"9623264\" data-element_type=\"widget\" data-e-type=\"widget\" data-widget_type=\"text-editor.default\">\n\t\t\t\t<div class=\"elementor-widget-container\">\n\t\t\t\t\t\t\t\t\t<p><span style=\"color: #000000;font-size: 16px;font-style: normal;font-weight: 400;font-family: Arial, sans-serif;text-align: start\">Na pr\u00f3xima se\u00e7\u00e3o, \u00e9 apresentada uma estrutura desenvolvida para servir de base na elabora\u00e7\u00e3o de atividades voltadas ao desenvolvimento de conte\u00fados relacionados ao computador de mesa (desktop), teclado, editores de texto e planilhas<\/span><span style=\"color: #000000;font-size: 16px;font-style: normal;font-weight: 400;font-family: Arial, sans-serif;text-align: start\">.\u00a0<\/span><\/p><p style=\"font-weight: 400;font-style: normal;color: #000000;font-size: 20px\"><span style=\"font-family: Arial, sans-serif;font-weight: 400;font-style: normal;font-size: 16px;text-align: start\">\u00c9 importante ressaltar que a elabora\u00e7\u00e3o das atividades tem in\u00edcio com a an\u00e1lise das das respostas ao ques<\/span><span style=\"font-family: Arial, sans-serif;font-weight: 400;font-style: normal;font-size: 16px;text-align: start\">tion\u00e1rio diagn\u00f3stico. A partir disso, as atividades s\u00e3o elaboradas com base na estrutura-base proposta.\u00a0<\/span><\/p><p style=\"font-weight: 400;font-style: normal;color: #000000;font-size: 20px\"><span style=\"font-family: Arial, sans-serif;font-weight: 400;font-style: normal;font-size: 16px;text-align: start\">Para facilitar o entendimento, foi criada uma atividade-exemplo para o desenvolvimento de conte\u00fados relacionados\u00a0<\/span><span style=\"font-family: Arial, sans-serif;font-size: 16px;font-style: normal;font-weight: 400;text-align: start\">ao computador de mesa (desktop), teclado, editores de texto e planilhas<\/span><span style=\"font-family: Arial, sans-serif;font-weight: 400;font-style: normal;font-size: 16px;text-align: start\">, considerando os dados dos estudantes do Proeja coletados durante a <a href=\"#\">pesquisa<\/a> realizada no curso T\u00e9cnico em Enfermagem do IFG &#8211; campus \u00c1guas Lindas -, especificamente durante as aulas da disciplina de Inform\u00e1tica B\u00e1sica II.<\/span><\/p>\t\t\t\t\t\t\t\t<\/div>\n\t\t\t\t<\/div>\n\t\t\t\t<\/div>\n\t\t<div class=\"elementor-element elementor-element-1faa61f e-grid e-con-full e-con e-child\" data-id=\"1faa61f\" data-element_type=\"container\" data-e-type=\"container\">\n\t\t\t\t<div class=\"elementor-element elementor-element-2e6a3b8 elementor-align-center elementor-widget elementor-widget-button\" data-id=\"2e6a3b8\" data-element_type=\"widget\" data-e-type=\"widget\" data-widget_type=\"button.default\">\n\t\t\t\t<div class=\"elementor-widget-container\">\n\t\t\t\t\t\t\t\t\t<div class=\"elementor-button-wrapper\">\n\t\t\t\t\t<a class=\"elementor-button elementor-button-link elementor-size-sm\" href=\"https:\/\/pesquisa.ifg.edu.br\/sitelabea-lci\/secao-1\/\">\n\t\t\t\t\t\t<span class=\"elementor-button-content-wrapper\">\n\t\t\t\t\t\t\t\t\t<span class=\"elementor-button-text\">Se\u00e7\u00e3o Anterior<\/span>\n\t\t\t\t\t<\/span>\n\t\t\t\t\t<\/a>\n\t\t\t\t<\/div>\n\t\t\t\t\t\t\t\t<\/div>\n\t\t\t\t<\/div>\n\t\t\t\t<div class=\"elementor-element elementor-element-20ce2a2 elementor-align-center elementor-mobile-align-center elementor-widget elementor-widget-button\" data-id=\"20ce2a2\" data-element_type=\"widget\" data-e-type=\"widget\" data-widget_type=\"button.default\">\n\t\t\t\t<div class=\"elementor-widget-container\">\n\t\t\t\t\t\t\t\t\t<div class=\"elementor-button-wrapper\">\n\t\t\t\t\t<a class=\"elementor-button elementor-button-link elementor-size-sm\" href=\"https:\/\/pesquisa.ifg.edu.br\/sitelabea-lci\/secao-3\/\">\n\t\t\t\t\t\t<span class=\"elementor-button-content-wrapper\">\n\t\t\t\t\t\t\t\t\t<span class=\"elementor-button-text\">Pr\u00f3xima Se\u00e7\u00e3o<\/span>\n\t\t\t\t\t<\/span>\n\t\t\t\t\t<\/a>\n\t\t\t\t<\/div>\n\t\t\t\t\t\t\t\t<\/div>\n\t\t\t\t<\/div>\n\t\t\t\t<\/div>\n\t\t\t\t\t<\/div>\n\t\t\t\t<\/div>\n\t\t<div class=\"elementor-element elementor-element-3429ec1 e-flex e-con-boxed e-con e-parent\" data-id=\"3429ec1\" data-element_type=\"container\" data-e-type=\"container\">\n\t\t\t\t\t<div class=\"e-con-inner\">\n\t\t\t\t<div class=\"elementor-element elementor-element-11acb8c elementor-widget elementor-widget-wp-widget-pages\" data-id=\"11acb8c\" data-element_type=\"widget\" data-e-type=\"widget\" data-widget_type=\"wp-widget-pages.default\">\n\t\t\t\t<div class=\"elementor-widget-container\">\n\t\t\t\t\t<h5>P\u00e1ginas<\/h5>\n\t\t\t<ul>\n\t\t\t\t<li class=\"page_item page-item-1392\"><a href=\"https:\/\/pesquisa.ifg.edu.br\/sitelabea-lci\/inicial\/\">P\u00e1gina inicial<\/a><\/li>\n<li class=\"page_item page-item-1481\"><a href=\"https:\/\/pesquisa.ifg.edu.br\/sitelabea-lci\/secao-1\/\">Se\u00e7\u00e3o 1<\/a><\/li>\n<li class=\"page_item page-item-1506\"><a href=\"https:\/\/pesquisa.ifg.edu.br\/sitelabea-lci\/secao-2\/\">Se\u00e7\u00e3o 2<\/a><\/li>\n<li class=\"page_item page-item-1551\"><a href=\"https:\/\/pesquisa.ifg.edu.br\/sitelabea-lci\/secao-3\/\">Se\u00e7\u00e3o 3<\/a><\/li>\n<li class=\"page_item page-item-1657\"><a href=\"https:\/\/pesquisa.ifg.edu.br\/sitelabea-lci\/secao-4\/\">Se\u00e7\u00e3o 4<\/a><\/li>\n<li class=\"page_item page-item-1671\"><a href=\"https:\/\/pesquisa.ifg.edu.br\/sitelabea-lci\/secao-5\/\">Se\u00e7\u00e3o 5<\/a><\/li>\n<li class=\"page_item page-item-2685\"><a href=\"https:\/\/pesquisa.ifg.edu.br\/sitelabea-lci\/secao-6-2\/\">Se\u00e7\u00e3o 6<\/a><\/li>\n<li class=\"page_item page-item-1764\"><a href=\"https:\/\/pesquisa.ifg.edu.br\/sitelabea-lci\/secao-7\/\">Se\u00e7\u00e3o 7<\/a><\/li>\n\t\t\t<\/ul>\n\n\t\t\t\t\t\t\t<\/div>\n\t\t\t\t<\/div>\n\t\t\t\t\t<\/div>\n\t\t\t\t<\/div>\n\t\t\t\t<\/div>\n\t\t","protected":false},"excerpt":{"rendered":"<p>Estrutura das atividades &#8211; Internet e sites Nesta se\u00e7\u00e3o, apresenta-se uma estrutura que serve de base para a elabora\u00e7\u00e3o de atividades voltadas ao desenvolvimento de conte\u00fados relacionados \u00e0 Internet e aos sites. Ressalta-se que esse processo tem in\u00edcio com a an\u00e1lise das respostas ao question\u00e1rio diagn\u00f3stico apresentado na\u00a0Se\u00e7\u00e3o 1. Com base nessa an\u00e1lise, as atividades <a href=\"https:\/\/pesquisa.ifg.edu.br\/sitelabea-lci\/secao-2\/\" rel=\"nofollow\"><span class=\"sr-only\">Leia mais sobreSe\u00e7\u00e3o 2<\/span>[&hellip;]<\/a><\/p>\n","protected":false},"author":95,"featured_media":0,"parent":0,"menu_order":0,"comment_status":"closed","ping_status":"closed","template":"","meta":{"_monsterinsights_skip_tracking":false,"_monsterinsights_sitenote_active":false,"_monsterinsights_sitenote_note":"","_monsterinsights_sitenote_category":0,"footnotes":""},"class_list":["post-1506","page","type-page","status-publish","hentry"],"_links":{"self":[{"href":"https:\/\/pesquisa.ifg.edu.br\/sitelabea-lci\/wp-json\/wp\/v2\/pages\/1506"}],"collection":[{"href":"https:\/\/pesquisa.ifg.edu.br\/sitelabea-lci\/wp-json\/wp\/v2\/pages"}],"about":[{"href":"https:\/\/pesquisa.ifg.edu.br\/sitelabea-lci\/wp-json\/wp\/v2\/types\/page"}],"author":[{"embeddable":true,"href":"https:\/\/pesquisa.ifg.edu.br\/sitelabea-lci\/wp-json\/wp\/v2\/users\/95"}],"replies":[{"embeddable":true,"href":"https:\/\/pesquisa.ifg.edu.br\/sitelabea-lci\/wp-json\/wp\/v2\/comments?post=1506"}],"version-history":[{"count":148,"href":"https:\/\/pesquisa.ifg.edu.br\/sitelabea-lci\/wp-json\/wp\/v2\/pages\/1506\/revisions"}],"predecessor-version":[{"id":3257,"href":"https:\/\/pesquisa.ifg.edu.br\/sitelabea-lci\/wp-json\/wp\/v2\/pages\/1506\/revisions\/3257"}],"wp:attachment":[{"href":"https:\/\/pesquisa.ifg.edu.br\/sitelabea-lci\/wp-json\/wp\/v2\/media?parent=1506"}],"curies":[{"name":"wp","href":"https:\/\/api.w.org\/{rel}","templated":true}]}}