{"id":1481,"date":"2025-05-04T20:59:31","date_gmt":"2025-05-04T23:59:31","guid":{"rendered":"https:\/\/pesquisa.ifg.edu.br\/sitelabea-lci\/?page_id=1481"},"modified":"2025-06-08T00:59:57","modified_gmt":"2025-06-08T03:59:57","slug":"secao-1","status":"publish","type":"page","link":"https:\/\/pesquisa.ifg.edu.br\/sitelabea-lci\/secao-1\/","title":{"rendered":"Se\u00e7\u00e3o 1"},"content":{"rendered":"\t\t<div data-elementor-type=\"wp-page\" data-elementor-id=\"1481\" class=\"elementor elementor-1481\">\n\t\t\t\t<div class=\"elementor-element elementor-element-e4dac55 e-flex e-con-boxed e-con e-parent\" data-id=\"e4dac55\" data-element_type=\"container\" data-e-type=\"container\">\n\t\t\t\t\t<div class=\"e-con-inner\">\n\t\t<div class=\"elementor-element elementor-element-c007e56 e-con-full e-flex e-con e-child\" data-id=\"c007e56\" data-element_type=\"container\" data-e-type=\"container\">\n\t\t\t\t<div class=\"elementor-element elementor-element-2998fe7 elementor-widget elementor-widget-heading\" data-id=\"2998fe7\" data-element_type=\"widget\" data-e-type=\"widget\" data-widget_type=\"heading.default\">\n\t\t\t\t<div class=\"elementor-widget-container\">\n\t\t\t\t\t<h3 class=\"elementor-heading-title elementor-size-default\">Question\u00e1rio de Diagn\u00f3stico do Perfil dos Estudantes - Disciplina de Inform\u00e1tica \/ Proeja<\/h3>\t\t\t\t<\/div>\n\t\t\t\t<\/div>\n\t\t\t\t<\/div>\n\t\t<div class=\"elementor-element elementor-element-0e26fad e-con-full e-flex e-con e-child\" data-id=\"0e26fad\" data-element_type=\"container\" data-e-type=\"container\">\n\t\t\t\t<div class=\"elementor-element elementor-element-33fc2ce elementor-widget elementor-widget-text-editor\" data-id=\"33fc2ce\" data-element_type=\"widget\" data-e-type=\"widget\" data-widget_type=\"text-editor.default\">\n\t\t\t\t<div class=\"elementor-widget-container\">\n\t\t\t\t\t\t\t\t\t<p dir=\"ltr\" style=\"line-height: 1.38;text-align: justify;margin-top: 12pt;margin-bottom: 12pt\"><span style=\"font-size: 12pt;font-family: Arial,sans-serif;color: #000000;background-color: transparent;font-weight: bold;font-style: normal;font-variant: normal;text-decoration: none;vertical-align: baseline\">Objetivo:<\/span><span style=\"font-size: 12pt;font-family: Arial,sans-serif;color: #000000;background-color: transparent;font-weight: 400;font-style: normal;font-variant: normal;text-decoration: none;vertical-align: baseline\"> Este question\u00e1rio tem como prop\u00f3sito identificar as experi\u00eancias, dificuldades e necessidades dos estudantes em rela\u00e7\u00e3o \u00e0s tecnologias digitais. A partir desse diagn\u00f3stico, ser\u00e1 poss\u00edvel adaptar melhor as estrat\u00e9gias de ensino na disciplina de Inform\u00e1tica.&nbsp;<\/span><span style=\"font-family: Arial, sans-serif;font-size: 16px;font-style: normal;font-weight: 400;text-align: start\">As respostas s\u00e3o fundamentais para o planejamento de conte\u00fados mais alinhados \u00e0 realidade dos estudantes do Proeja.<\/span><\/p>\t\t\t\t\t\t\t\t<\/div>\n\t\t\t\t<\/div>\n\t\t\t\t<div class=\"elementor-element elementor-element-32f4687 elementor-widget elementor-widget-text-editor\" data-id=\"32f4687\" data-element_type=\"widget\" data-e-type=\"widget\" data-widget_type=\"text-editor.default\">\n\t\t\t\t<div class=\"elementor-widget-container\">\n\t\t\t\t\t\t\t\t\t<p><b>Clique e acesse o question\u00e1rio em pdf!<\/b><\/p>\t\t\t\t\t\t\t\t<\/div>\n\t\t\t\t<\/div>\n\t\t\t\t<div class=\"elementor-element elementor-element-8e5dc7e elementor-align-center elementor-widget elementor-widget-button\" data-id=\"8e5dc7e\" data-element_type=\"widget\" data-e-type=\"widget\" data-widget_type=\"button.default\">\n\t\t\t\t<div class=\"elementor-widget-container\">\n\t\t\t\t\t\t\t\t\t<div class=\"elementor-button-wrapper\">\n\t\t\t\t\t<a class=\"elementor-button elementor-button-link elementor-size-sm\" href=\"http:\/\/pesquisa.ifg.edu.br\/sitelabea-lci\/wp-content\/uploads\/sites\/31\/2025\/05\/Secao-1-2.pdf\" target=\"_blank\">\n\t\t\t\t\t\t<span class=\"elementor-button-content-wrapper\">\n\t\t\t\t\t\t\t\t\t<span class=\"elementor-button-text\">acesse<\/span>\n\t\t\t\t\t<\/span>\n\t\t\t\t\t<\/a>\n\t\t\t\t<\/div>\n\t\t\t\t\t\t\t\t<\/div>\n\t\t\t\t<\/div>\n\t\t<div class=\"elementor-element elementor-element-f656a09 e-con-full e-flex e-con e-child\" data-id=\"f656a09\" data-element_type=\"container\" data-e-type=\"container\">\n\t\t\t\t<div class=\"elementor-element elementor-element-c74a2e4 elementor-widget__width-inherit elementor-widget elementor-widget-image\" data-id=\"c74a2e4\" data-element_type=\"widget\" data-e-type=\"widget\" data-widget_type=\"image.default\">\n\t\t\t\t<div class=\"elementor-widget-container\">\n\t\t\t\t\t\t\t\t\t\t\t\t\t\t\t<img fetchpriority=\"high\" decoding=\"async\" width=\"637\" height=\"348\" src=\"https:\/\/pesquisa.ifg.edu.br\/sitelabea-lci\/wp-content\/uploads\/sites\/31\/2025\/05\/Secao-1-bloco-1.jpg\" class=\"attachment-full size-full wp-image-2206\" alt=\"\" srcset=\"https:\/\/pesquisa.ifg.edu.br\/sitelabea-lci\/wp-content\/uploads\/sites\/31\/2025\/05\/Secao-1-bloco-1.jpg 637w, https:\/\/pesquisa.ifg.edu.br\/sitelabea-lci\/wp-content\/uploads\/sites\/31\/2025\/05\/Secao-1-bloco-1-300x164.jpg 300w\" sizes=\"(max-width: 637px) 100vw, 637px\" \/>\t\t\t\t\t\t\t\t\t\t\t\t\t\t\t<\/div>\n\t\t\t\t<\/div>\n\t\t\t\t<\/div>\n\t\t\t\t<div class=\"elementor-element elementor-element-39098f7 elementor-widget-divider--separator-type-pattern elementor-widget-divider--no-spacing elementor-widget-divider--view-line elementor-widget elementor-widget-divider\" data-id=\"39098f7\" data-element_type=\"widget\" data-e-type=\"widget\" data-widget_type=\"divider.default\">\n\t\t\t\t<div class=\"elementor-widget-container\">\n\t\t\t\t\t\t\t<div class=\"elementor-divider\" style=\"--divider-pattern-url: url(&quot;data:image\/svg+xml,%3Csvg xmlns=&#039;http:\/\/www.w3.org\/2000\/svg&#039; preserveAspectRatio=&#039;none&#039; overflow=&#039;visible&#039; height=&#039;100%&#039; viewBox=&#039;0 0 24 24&#039; fill=&#039;black&#039; stroke=&#039;none&#039;%3E%3Cpath d=&#039;M24,8v12H0V8H24z M24,4v1H0V4H24z&#039;\/%3E%3C\/svg%3E&quot;);\">\n\t\t\t<span class=\"elementor-divider-separator\">\n\t\t\t\t\t\t<\/span>\n\t\t<\/div>\n\t\t\t\t\t\t<\/div>\n\t\t\t\t<\/div>\n\t\t<div class=\"elementor-element elementor-element-d001e3d e-con-full e-flex e-con e-child\" data-id=\"d001e3d\" data-element_type=\"container\" data-e-type=\"container\">\n\t\t\t\t<div class=\"elementor-element elementor-element-c72671e elementor-widget__width-inherit elementor-widget elementor-widget-image\" data-id=\"c72671e\" data-element_type=\"widget\" data-e-type=\"widget\" data-widget_type=\"image.default\">\n\t\t\t\t<div class=\"elementor-widget-container\">\n\t\t\t\t\t\t\t\t\t\t\t\t\t\t\t<img decoding=\"async\" width=\"561\" height=\"400\" src=\"https:\/\/pesquisa.ifg.edu.br\/sitelabea-lci\/wp-content\/uploads\/sites\/31\/2025\/05\/Secao-1-bloco-2.jpg\" class=\"attachment-full size-full wp-image-2231\" alt=\"\" srcset=\"https:\/\/pesquisa.ifg.edu.br\/sitelabea-lci\/wp-content\/uploads\/sites\/31\/2025\/05\/Secao-1-bloco-2.jpg 561w, https:\/\/pesquisa.ifg.edu.br\/sitelabea-lci\/wp-content\/uploads\/sites\/31\/2025\/05\/Secao-1-bloco-2-300x214.jpg 300w\" sizes=\"(max-width: 561px) 100vw, 561px\" \/>\t\t\t\t\t\t\t\t\t\t\t\t\t\t\t<\/div>\n\t\t\t\t<\/div>\n\t\t\t\t<\/div>\n\t\t\t\t<div class=\"elementor-element elementor-element-8bb5382 elementor-widget-divider--separator-type-pattern elementor-widget-divider--no-spacing elementor-widget-divider--view-line elementor-widget elementor-widget-divider\" data-id=\"8bb5382\" data-element_type=\"widget\" data-e-type=\"widget\" data-widget_type=\"divider.default\">\n\t\t\t\t<div class=\"elementor-widget-container\">\n\t\t\t\t\t\t\t<div class=\"elementor-divider\" style=\"--divider-pattern-url: url(&quot;data:image\/svg+xml,%3Csvg xmlns=&#039;http:\/\/www.w3.org\/2000\/svg&#039; preserveAspectRatio=&#039;none&#039; overflow=&#039;visible&#039; height=&#039;100%&#039; viewBox=&#039;0 0 24 24&#039; fill=&#039;black&#039; stroke=&#039;none&#039;%3E%3Cpath d=&#039;M24,8v12H0V8H24z M24,4v1H0V4H24z&#039;\/%3E%3C\/svg%3E&quot;);\">\n\t\t\t<span class=\"elementor-divider-separator\">\n\t\t\t\t\t\t<\/span>\n\t\t<\/div>\n\t\t\t\t\t\t<\/div>\n\t\t\t\t<\/div>\n\t\t<div class=\"elementor-element elementor-element-a75f0ab e-con-full e-flex e-con e-child\" data-id=\"a75f0ab\" data-element_type=\"container\" data-e-type=\"container\">\n\t\t\t\t<div class=\"elementor-element elementor-element-a80fdaa elementor-widget__width-inherit elementor-widget elementor-widget-image\" data-id=\"a80fdaa\" data-element_type=\"widget\" data-e-type=\"widget\" data-widget_type=\"image.default\">\n\t\t\t\t<div class=\"elementor-widget-container\">\n\t\t\t\t\t\t\t\t\t\t\t\t\t\t\t<img decoding=\"async\" width=\"553\" height=\"494\" src=\"https:\/\/pesquisa.ifg.edu.br\/sitelabea-lci\/wp-content\/uploads\/sites\/31\/2025\/05\/Secao-1-bloco-3-e1746984269325.jpg\" class=\"attachment-full size-full wp-image-2238\" alt=\"\" srcset=\"https:\/\/pesquisa.ifg.edu.br\/sitelabea-lci\/wp-content\/uploads\/sites\/31\/2025\/05\/Secao-1-bloco-3-e1746984269325.jpg 553w, https:\/\/pesquisa.ifg.edu.br\/sitelabea-lci\/wp-content\/uploads\/sites\/31\/2025\/05\/Secao-1-bloco-3-e1746984269325-300x268.jpg 300w\" sizes=\"(max-width: 553px) 100vw, 553px\" \/>\t\t\t\t\t\t\t\t\t\t\t\t\t\t\t<\/div>\n\t\t\t\t<\/div>\n\t\t\t\t<\/div>\n\t\t\t\t<div class=\"elementor-element elementor-element-18dd65b elementor-widget-divider--separator-type-pattern elementor-widget-divider--no-spacing elementor-widget-divider--view-line elementor-widget elementor-widget-divider\" data-id=\"18dd65b\" data-element_type=\"widget\" data-e-type=\"widget\" data-widget_type=\"divider.default\">\n\t\t\t\t<div class=\"elementor-widget-container\">\n\t\t\t\t\t\t\t<div class=\"elementor-divider\" style=\"--divider-pattern-url: url(&quot;data:image\/svg+xml,%3Csvg xmlns=&#039;http:\/\/www.w3.org\/2000\/svg&#039; preserveAspectRatio=&#039;none&#039; overflow=&#039;visible&#039; height=&#039;100%&#039; viewBox=&#039;0 0 24 24&#039; fill=&#039;black&#039; stroke=&#039;none&#039;%3E%3Cpath d=&#039;M24,8v12H0V8H24z M24,4v1H0V4H24z&#039;\/%3E%3C\/svg%3E&quot;);\">\n\t\t\t<span class=\"elementor-divider-separator\">\n\t\t\t\t\t\t<\/span>\n\t\t<\/div>\n\t\t\t\t\t\t<\/div>\n\t\t\t\t<\/div>\n\t\t<div class=\"elementor-element elementor-element-5c2f537 e-con-full e-flex e-con e-child\" data-id=\"5c2f537\" data-element_type=\"container\" data-e-type=\"container\">\n\t\t\t\t<div class=\"elementor-element elementor-element-ef57ca0 elementor-widget__width-inherit elementor-widget elementor-widget-image\" data-id=\"ef57ca0\" data-element_type=\"widget\" data-e-type=\"widget\" data-widget_type=\"image.default\">\n\t\t\t\t<div class=\"elementor-widget-container\">\n\t\t\t\t\t\t\t\t\t\t\t\t\t\t\t<img loading=\"lazy\" decoding=\"async\" width=\"626\" height=\"388\" src=\"https:\/\/pesquisa.ifg.edu.br\/sitelabea-lci\/wp-content\/uploads\/sites\/31\/2025\/05\/Secao-1-bloco-4.jpg\" class=\"attachment-full size-full wp-image-2242\" alt=\"\" srcset=\"https:\/\/pesquisa.ifg.edu.br\/sitelabea-lci\/wp-content\/uploads\/sites\/31\/2025\/05\/Secao-1-bloco-4.jpg 626w, https:\/\/pesquisa.ifg.edu.br\/sitelabea-lci\/wp-content\/uploads\/sites\/31\/2025\/05\/Secao-1-bloco-4-300x186.jpg 300w\" sizes=\"(max-width: 626px) 100vw, 626px\" \/>\t\t\t\t\t\t\t\t\t\t\t\t\t\t\t<\/div>\n\t\t\t\t<\/div>\n\t\t\t\t<div class=\"elementor-element elementor-element-5ea153f elementor-widget-divider--separator-type-pattern elementor-widget-divider--no-spacing elementor-widget-divider--view-line elementor-widget elementor-widget-divider\" data-id=\"5ea153f\" data-element_type=\"widget\" data-e-type=\"widget\" data-widget_type=\"divider.default\">\n\t\t\t\t<div class=\"elementor-widget-container\">\n\t\t\t\t\t\t\t<div class=\"elementor-divider\" style=\"--divider-pattern-url: url(&quot;data:image\/svg+xml,%3Csvg xmlns=&#039;http:\/\/www.w3.org\/2000\/svg&#039; preserveAspectRatio=&#039;none&#039; overflow=&#039;visible&#039; height=&#039;100%&#039; viewBox=&#039;0 0 24 24&#039; fill=&#039;black&#039; stroke=&#039;none&#039;%3E%3Cpath d=&#039;M24,8v12H0V8H24z M24,4v1H0V4H24z&#039;\/%3E%3C\/svg%3E&quot;);\">\n\t\t\t<span class=\"elementor-divider-separator\">\n\t\t\t\t\t\t<\/span>\n\t\t<\/div>\n\t\t\t\t\t\t<\/div>\n\t\t\t\t<\/div>\n\t\t\t\t<div class=\"elementor-element elementor-element-d511869 elementor-widget__width-inherit elementor-widget elementor-widget-image\" data-id=\"d511869\" data-element_type=\"widget\" data-e-type=\"widget\" data-widget_type=\"image.default\">\n\t\t\t\t<div class=\"elementor-widget-container\">\n\t\t\t\t\t\t\t\t\t\t\t\t\t\t\t<img loading=\"lazy\" decoding=\"async\" width=\"617\" height=\"299\" src=\"https:\/\/pesquisa.ifg.edu.br\/sitelabea-lci\/wp-content\/uploads\/sites\/31\/2025\/05\/Secao-1-bloco-5.jpg\" class=\"attachment-full size-full wp-image-2246\" alt=\"\" srcset=\"https:\/\/pesquisa.ifg.edu.br\/sitelabea-lci\/wp-content\/uploads\/sites\/31\/2025\/05\/Secao-1-bloco-5.jpg 617w, https:\/\/pesquisa.ifg.edu.br\/sitelabea-lci\/wp-content\/uploads\/sites\/31\/2025\/05\/Secao-1-bloco-5-300x145.jpg 300w\" sizes=\"(max-width: 617px) 100vw, 617px\" \/>\t\t\t\t\t\t\t\t\t\t\t\t\t\t\t<\/div>\n\t\t\t\t<\/div>\n\t\t\t\t<div class=\"elementor-element elementor-element-e461ef7 elementor-widget-divider--separator-type-pattern elementor-widget-divider--no-spacing elementor-widget-divider--view-line elementor-widget elementor-widget-divider\" data-id=\"e461ef7\" data-element_type=\"widget\" data-e-type=\"widget\" data-widget_type=\"divider.default\">\n\t\t\t\t<div class=\"elementor-widget-container\">\n\t\t\t\t\t\t\t<div class=\"elementor-divider\" style=\"--divider-pattern-url: url(&quot;data:image\/svg+xml,%3Csvg xmlns=&#039;http:\/\/www.w3.org\/2000\/svg&#039; preserveAspectRatio=&#039;none&#039; overflow=&#039;visible&#039; height=&#039;100%&#039; viewBox=&#039;0 0 24 24&#039; fill=&#039;black&#039; stroke=&#039;none&#039;%3E%3Cpath d=&#039;M24,8v12H0V8H24z M24,4v1H0V4H24z&#039;\/%3E%3C\/svg%3E&quot;);\">\n\t\t\t<span class=\"elementor-divider-separator\">\n\t\t\t\t\t\t<\/span>\n\t\t<\/div>\n\t\t\t\t\t\t<\/div>\n\t\t\t\t<\/div>\n\t\t\t\t<div class=\"elementor-element elementor-element-2864a90 elementor-widget__width-inherit elementor-widget elementor-widget-image\" data-id=\"2864a90\" data-element_type=\"widget\" data-e-type=\"widget\" data-widget_type=\"image.default\">\n\t\t\t\t<div class=\"elementor-widget-container\">\n\t\t\t\t\t\t\t\t\t\t\t\t\t\t\t<img loading=\"lazy\" decoding=\"async\" width=\"577\" height=\"320\" src=\"https:\/\/pesquisa.ifg.edu.br\/sitelabea-lci\/wp-content\/uploads\/sites\/31\/2025\/05\/Secao-1-bloco-6.jpg\" class=\"attachment-full size-full wp-image-2247\" alt=\"\" srcset=\"https:\/\/pesquisa.ifg.edu.br\/sitelabea-lci\/wp-content\/uploads\/sites\/31\/2025\/05\/Secao-1-bloco-6.jpg 577w, https:\/\/pesquisa.ifg.edu.br\/sitelabea-lci\/wp-content\/uploads\/sites\/31\/2025\/05\/Secao-1-bloco-6-300x166.jpg 300w\" sizes=\"(max-width: 577px) 100vw, 577px\" \/>\t\t\t\t\t\t\t\t\t\t\t\t\t\t\t<\/div>\n\t\t\t\t<\/div>\n\t\t\t\t<\/div>\n\t\t\t\t<div class=\"elementor-element elementor-element-7c4b07f elementor-widget-divider--separator-type-pattern elementor-widget-divider--no-spacing elementor-widget-divider--view-line elementor-widget elementor-widget-divider\" data-id=\"7c4b07f\" data-element_type=\"widget\" data-e-type=\"widget\" data-widget_type=\"divider.default\">\n\t\t\t\t<div class=\"elementor-widget-container\">\n\t\t\t\t\t\t\t<div class=\"elementor-divider\" style=\"--divider-pattern-url: url(&quot;data:image\/svg+xml,%3Csvg xmlns=&#039;http:\/\/www.w3.org\/2000\/svg&#039; preserveAspectRatio=&#039;none&#039; overflow=&#039;visible&#039; height=&#039;100%&#039; viewBox=&#039;0 0 24 24&#039; fill=&#039;black&#039; stroke=&#039;none&#039;%3E%3Cpath d=&#039;M24,8v12H0V8H24z M24,4v1H0V4H24z&#039;\/%3E%3C\/svg%3E&quot;);\">\n\t\t\t<span class=\"elementor-divider-separator\">\n\t\t\t\t\t\t<\/span>\n\t\t<\/div>\n\t\t\t\t\t\t<\/div>\n\t\t\t\t<\/div>\n\t\t<div class=\"elementor-element elementor-element-776de2c e-con-full e-flex e-con e-child\" data-id=\"776de2c\" data-element_type=\"container\" data-e-type=\"container\">\n\t\t\t\t<div class=\"elementor-element elementor-element-6071a59 elementor-widget elementor-widget-text-editor\" data-id=\"6071a59\" data-element_type=\"widget\" data-e-type=\"widget\" data-widget_type=\"text-editor.default\">\n\t\t\t\t<div class=\"elementor-widget-container\">\n\t\t\t\t\t\t\t\t\t<p><span style=\"font-style: normal;font-weight: 400;font-family: Arial, sans-serif;font-size: 16px;text-align: start\">Nas pr\u00f3ximas se\u00e7\u00f5es, s\u00e3o apresentadas estruturas desenvolvidas para servir de base na elabora\u00e7\u00e3o de atividades voltadas ao desenvolvimento de conte\u00fados relacionados a temas como: Internet e sites;&nbsp;<\/span><span style=\"font-style: normal;font-weight: 400;font-family: Arial, sans-serif;font-size: 16px;text-align: start\">computador de mesa (desktop); teclado; editores de texto e planilhas; celular; tablet ou dispositivos similares; sistemas; e-mail; impressoras; aplicativos de redes sociais (Instagram, Facebook, WhatsApp); Youtube; chamada de v\u00eddeo e voz; al\u00e9m de \u00e1udios e v\u00eddeos.<\/span><span style=\"font-style: normal;font-weight: 400;font-family: Arial, sans-serif;font-size: 16px;text-align: start\">&nbsp;<\/span><\/p>\n<p><span style=\"font-style: normal;font-weight: 400;font-family: Arial, sans-serif;font-size: 16px;text-align: start\">Para facilitar o entendimento, foram criadas atividades-exemplo para o desenvolvimento dos conte\u00fados mencionados<\/span><span style=\"font-style: normal;font-family: Arial, sans-serif;font-size: 16px;text-align: start\">, considerando os dados dos estudantes do Proeja coletados durante a <a href=\"#\"><u>pesquisa<\/u><\/a> realizada no Curso T\u00e9cnico em Enfermagem do IFG &#8211; campus \u00c1guas Lindas, especificamente durante as aulas da disciplina de Inform\u00e1tica B\u00e1sica II.&nbsp;<\/span><\/p>\n<p><span style=\"font-family: Arial, sans-serif;font-weight: 400;font-style: normal;font-size: 16px;text-align: start\">\u00c9 importante destacar que a elabora\u00e7\u00e3o das atividades parte da an\u00e1lise das respostas ao ques<\/span><span style=\"font-family: Arial, sans-serif;font-weight: 400;font-style: normal;font-size: 16px;text-align: start\">tion\u00e1rio diagn\u00f3stico, integrada \u00e0s estruturas-base previamente definidas.<\/span><\/p>\t\t\t\t\t\t\t\t<\/div>\n\t\t\t\t<\/div>\n\t\t\t\t<\/div>\n\t\t\t\t<\/div>\n\t\t\t\t\t<\/div>\n\t\t\t\t<\/div>\n\t\t<div class=\"elementor-element elementor-element-8bd872b e-grid e-con-full e-con e-parent\" data-id=\"8bd872b\" data-element_type=\"container\" data-e-type=\"container\">\n\t\t\t\t<div class=\"elementor-element elementor-element-6d4d369 elementor-align-center elementor-widget elementor-widget-button\" data-id=\"6d4d369\" data-element_type=\"widget\" data-e-type=\"widget\" data-widget_type=\"button.default\">\n\t\t\t\t<div class=\"elementor-widget-container\">\n\t\t\t\t\t\t\t\t\t<div class=\"elementor-button-wrapper\">\n\t\t\t\t\t<a class=\"elementor-button elementor-button-link elementor-size-sm\" href=\"https:\/\/pesquisa.ifg.edu.br\/sitelabea-lci\/inicial\/\">\n\t\t\t\t\t\t<span class=\"elementor-button-content-wrapper\">\n\t\t\t\t\t\t\t\t\t<span class=\"elementor-button-text\">P\u00e1gina inicial<\/span>\n\t\t\t\t\t<\/span>\n\t\t\t\t\t<\/a>\n\t\t\t\t<\/div>\n\t\t\t\t\t\t\t\t<\/div>\n\t\t\t\t<\/div>\n\t\t\t\t<div class=\"elementor-element elementor-element-cfcd372 elementor-align-center elementor-widget elementor-widget-button\" data-id=\"cfcd372\" data-element_type=\"widget\" data-e-type=\"widget\" data-widget_type=\"button.default\">\n\t\t\t\t<div class=\"elementor-widget-container\">\n\t\t\t\t\t\t\t\t\t<div class=\"elementor-button-wrapper\">\n\t\t\t\t\t<a class=\"elementor-button elementor-button-link elementor-size-sm\" href=\"https:\/\/pesquisa.ifg.edu.br\/sitelabea-lci\/secao-2\/\">\n\t\t\t\t\t\t<span class=\"elementor-button-content-wrapper\">\n\t\t\t\t\t\t\t\t\t<span class=\"elementor-button-text\">Pr\u00f3xima Se\u00e7\u00e3o<\/span>\n\t\t\t\t\t<\/span>\n\t\t\t\t\t<\/a>\n\t\t\t\t<\/div>\n\t\t\t\t\t\t\t\t<\/div>\n\t\t\t\t<\/div>\n\t\t\t\t<\/div>\n\t\t<div class=\"elementor-element elementor-element-3fc674f e-flex e-con-boxed e-con e-parent\" data-id=\"3fc674f\" data-element_type=\"container\" data-e-type=\"container\">\n\t\t\t\t\t<div class=\"e-con-inner\">\n\t\t\t\t<div class=\"elementor-element elementor-element-3318329 elementor-widget elementor-widget-wp-widget-pages\" data-id=\"3318329\" data-element_type=\"widget\" data-e-type=\"widget\" data-widget_type=\"wp-widget-pages.default\">\n\t\t\t\t<div class=\"elementor-widget-container\">\n\t\t\t\t\t<h5>P\u00e1ginas<\/h5>\n\t\t\t<ul>\n\t\t\t\t<li class=\"page_item page-item-1392\"><a href=\"https:\/\/pesquisa.ifg.edu.br\/sitelabea-lci\/inicial\/\">P\u00e1gina inicial<\/a><\/li>\n<li class=\"page_item page-item-1481\"><a href=\"https:\/\/pesquisa.ifg.edu.br\/sitelabea-lci\/secao-1\/\">Se\u00e7\u00e3o 1<\/a><\/li>\n<li class=\"page_item page-item-1506\"><a href=\"https:\/\/pesquisa.ifg.edu.br\/sitelabea-lci\/secao-2\/\">Se\u00e7\u00e3o 2<\/a><\/li>\n<li class=\"page_item page-item-1551\"><a href=\"https:\/\/pesquisa.ifg.edu.br\/sitelabea-lci\/secao-3\/\">Se\u00e7\u00e3o 3<\/a><\/li>\n<li class=\"page_item page-item-1657\"><a href=\"https:\/\/pesquisa.ifg.edu.br\/sitelabea-lci\/secao-4\/\">Se\u00e7\u00e3o 4<\/a><\/li>\n<li class=\"page_item page-item-1671\"><a href=\"https:\/\/pesquisa.ifg.edu.br\/sitelabea-lci\/secao-5\/\">Se\u00e7\u00e3o 5<\/a><\/li>\n<li class=\"page_item page-item-2685\"><a href=\"https:\/\/pesquisa.ifg.edu.br\/sitelabea-lci\/secao-6-2\/\">Se\u00e7\u00e3o 6<\/a><\/li>\n<li class=\"page_item page-item-1764\"><a href=\"https:\/\/pesquisa.ifg.edu.br\/sitelabea-lci\/secao-7\/\">Se\u00e7\u00e3o 7<\/a><\/li>\n\t\t\t<\/ul>\n\n\t\t\t\t\t\t\t<\/div>\n\t\t\t\t<\/div>\n\t\t\t\t\t<\/div>\n\t\t\t\t<\/div>\n\t\t\t\t<\/div>\n\t\t","protected":false},"excerpt":{"rendered":"<p>Question\u00e1rio de Diagn\u00f3stico do Perfil dos Estudantes &#8211; Disciplina de Inform\u00e1tica \/ Proeja Objetivo: Este question\u00e1rio tem como prop\u00f3sito identificar as experi\u00eancias, dificuldades e necessidades dos estudantes em rela\u00e7\u00e3o \u00e0s tecnologias digitais. A partir desse diagn\u00f3stico, ser\u00e1 poss\u00edvel adaptar melhor as estrat\u00e9gias de ensino na disciplina de Inform\u00e1tica.&nbsp;As respostas s\u00e3o fundamentais para o planejamento de <a href=\"https:\/\/pesquisa.ifg.edu.br\/sitelabea-lci\/secao-1\/\" rel=\"nofollow\"><span class=\"sr-only\">Leia mais sobreSe\u00e7\u00e3o 1<\/span>[&hellip;]<\/a><\/p>\n","protected":false},"author":95,"featured_media":0,"parent":0,"menu_order":0,"comment_status":"closed","ping_status":"closed","template":"","meta":{"_monsterinsights_skip_tracking":false,"_monsterinsights_sitenote_active":false,"_monsterinsights_sitenote_note":"","_monsterinsights_sitenote_category":0,"footnotes":""},"class_list":["post-1481","page","type-page","status-publish","hentry"],"_links":{"self":[{"href":"https:\/\/pesquisa.ifg.edu.br\/sitelabea-lci\/wp-json\/wp\/v2\/pages\/1481"}],"collection":[{"href":"https:\/\/pesquisa.ifg.edu.br\/sitelabea-lci\/wp-json\/wp\/v2\/pages"}],"about":[{"href":"https:\/\/pesquisa.ifg.edu.br\/sitelabea-lci\/wp-json\/wp\/v2\/types\/page"}],"author":[{"embeddable":true,"href":"https:\/\/pesquisa.ifg.edu.br\/sitelabea-lci\/wp-json\/wp\/v2\/users\/95"}],"replies":[{"embeddable":true,"href":"https:\/\/pesquisa.ifg.edu.br\/sitelabea-lci\/wp-json\/wp\/v2\/comments?post=1481"}],"version-history":[{"count":298,"href":"https:\/\/pesquisa.ifg.edu.br\/sitelabea-lci\/wp-json\/wp\/v2\/pages\/1481\/revisions"}],"predecessor-version":[{"id":3229,"href":"https:\/\/pesquisa.ifg.edu.br\/sitelabea-lci\/wp-json\/wp\/v2\/pages\/1481\/revisions\/3229"}],"wp:attachment":[{"href":"https:\/\/pesquisa.ifg.edu.br\/sitelabea-lci\/wp-json\/wp\/v2\/media?parent=1481"}],"curies":[{"name":"wp","href":"https:\/\/api.w.org\/{rel}","templated":true}]}}