{"id":29,"date":"2017-02-20T18:05:12","date_gmt":"2017-02-20T21:05:12","guid":{"rendered":"http:\/\/pesquisa.ifg.edu.br\/sempic\/?page_id=29"},"modified":"2017-02-20T18:14:48","modified_gmt":"2017-02-20T21:14:48","slug":"sala-01","status":"publish","type":"page","link":"https:\/\/pesquisa.ifg.edu.br\/sempic\/programacao\/sala-01\/","title":{"rendered":"Sala 01"},"content":{"rendered":"<p><strong><u>17h<\/u><\/strong><u>: Cultura visual e efeito est\u00e9tico nas redes sociais: a influ\u00eancia da imagem na compreens\u00e3o cr\u00edtica do jovem.<\/u><br \/>\n<strong>Orientadora:<\/strong> Prof.\u00aa Dra. Ana Paula Aparecida Caixeta<br \/>\n<strong>Pesquisadoras: <\/strong>Gabriela de Andrade Lima, Carla Stefanny Costa da Concei\u00e7\u00e3o e Ver\u00f4nica Gama de Castro<br \/>\n<strong>Mesa Avaliadora: <\/strong>Prof. Me. Willian Batista dos Santos; Prof.\u00aaMa. Ana Clara Magalh\u00e3es de Medeiros<\/p>\n<p><strong><u>17h30<\/u><\/strong><u>: Mulheres, hist\u00f3ria e direito.<br \/>\n<\/u><strong>Orientadora: <\/strong>Prof.\u00aaMa. Alice de Barros Gabriel<br \/>\n<strong>Pesquisadoras: <\/strong>Thayssa Teixeira Costa e Mariana Neves Cavalcanate<br \/>\n<strong>Mesa Avaliadora:<\/strong>Prof. Dr. Rafael de Melo Monteiro<strong>; <\/strong>Prof.\u00aaMa. Ana Clara Magalh\u00e3es de Medeiros;<\/p>\n<p><strong><u>18h<\/u><\/strong><u>: M\u00e1quinas pensantes: imagina\u00e7\u00e3o ficcional e filosofia.<br \/>\n<\/u><strong>Orientadora: <\/strong>Prof.\u00aaMa. Alice de Barros Gabriel<br \/>\n<strong>Pesquisadores: <\/strong>Carlos Henrique Carvalho Souza e Lucas Gabriel Alves Rodrigues<br \/>\n<strong>Mesa Avaliadora: <\/strong>Prof.\u00aaMa. Ana Clara Magalh\u00e3es de Medeiros; Prof. Esp. Thiago Anuncia\u00e7\u00e3o Rezende<\/p>\n<p><strong><u>18h30<\/u><\/strong><u>: A percep\u00e7\u00e3o dos estudantes do instituto federal campus \u00c1guas Lindas acerca do \u00e1lcool e outras drogas no contexto familiar.<br \/>\n<\/u><strong>Pesquisadores: <\/strong>Prof.\u00aa Esp. Lara Patr\u00edcia de Lima Cavalcante, Prof.\u00aaFernanda Leticia da Silva Campanati, Prof. Me. Rodrigo Soares Marciel Dutra e Prof. Dr. Fabio Teixeira Kuhn.<br \/>\n<strong>Mesa Avaliadora: <\/strong>Prof. Me. Nilson Tavares Filho<\/p>\n<p><strong><u>19h<\/u><\/strong><u>: Forma\u00e7\u00e3o continuada de professores no IFG: situando a quest\u00e3o.<br \/>\n<\/u><strong>Pesquisador: <\/strong>Prof. Me. Willian Batista dos Santos<br \/>\n<strong>Mesa Avaliadora: <\/strong>Prof. Me. Nilson Tavares Filho<\/p>\n","protected":false},"excerpt":{"rendered":"<p>17h: Cultura visual e efeito est\u00e9tico nas redes sociais: a influ\u00eancia da imagem na compreens\u00e3o cr\u00edtica do jovem. Orientadora: Prof.\u00aa Dra. Ana Paula Aparecida Caixeta Pesquisadoras: Gabriela de Andrade Lima, Carla Stefanny Costa da Concei\u00e7\u00e3o e Ver\u00f4nica Gama de Castro Mesa Avaliadora: Prof. Me. Willian Batista dos Santos; Prof.\u00aaMa. Ana Clara Magalh\u00e3es de Medeiros 17h30: [&hellip;]<\/p>\n","protected":false},"author":13,"featured_media":0,"parent":16,"menu_order":0,"comment_status":"closed","ping_status":"closed","template":"","meta":{"_monsterinsights_skip_tracking":false,"_monsterinsights_sitenote_active":false,"_monsterinsights_sitenote_note":"","_monsterinsights_sitenote_category":0,"footnotes":""},"class_list":["post-29","page","type-page","status-publish","hentry"],"_links":{"self":[{"href":"https:\/\/pesquisa.ifg.edu.br\/sempic\/wp-json\/wp\/v2\/pages\/29"}],"collection":[{"href":"https:\/\/pesquisa.ifg.edu.br\/sempic\/wp-json\/wp\/v2\/pages"}],"about":[{"href":"https:\/\/pesquisa.ifg.edu.br\/sempic\/wp-json\/wp\/v2\/types\/page"}],"author":[{"embeddable":true,"href":"https:\/\/pesquisa.ifg.edu.br\/sempic\/wp-json\/wp\/v2\/users\/13"}],"replies":[{"embeddable":true,"href":"https:\/\/pesquisa.ifg.edu.br\/sempic\/wp-json\/wp\/v2\/comments?post=29"}],"version-history":[{"count":2,"href":"https:\/\/pesquisa.ifg.edu.br\/sempic\/wp-json\/wp\/v2\/pages\/29\/revisions"}],"predecessor-version":[{"id":39,"href":"https:\/\/pesquisa.ifg.edu.br\/sempic\/wp-json\/wp\/v2\/pages\/29\/revisions\/39"}],"up":[{"embeddable":true,"href":"https:\/\/pesquisa.ifg.edu.br\/sempic\/wp-json\/wp\/v2\/pages\/16"}],"wp:attachment":[{"href":"https:\/\/pesquisa.ifg.edu.br\/sempic\/wp-json\/wp\/v2\/media?parent=29"}],"curies":[{"name":"wp","href":"https:\/\/api.w.org\/{rel}","templated":true}]}}