{"id":301,"date":"2023-09-15T09:31:00","date_gmt":"2023-09-15T12:31:00","guid":{"rendered":"http:\/\/pesquisa.ifg.edu.br\/nusec\/?page_id=301"},"modified":"2023-09-15T15:24:57","modified_gmt":"2023-09-15T18:24:57","slug":"danyllo-di-giorgio-martins-da-mota","status":"publish","type":"page","link":"https:\/\/pesquisa.ifg.edu.br\/nusec\/pesquisadores\/danyllo-di-giorgio-martins-da-mota\/","title":{"rendered":"Danyllo Di Giorgio Martins da Mota"},"content":{"rendered":"<p><img fetchpriority=\"high\" decoding=\"async\" class=\"alignnone size-full wp-image-97\" src=\"http:\/\/pesquisa.ifg.edu.br\/nusec\/wp-content\/uploads\/sites\/27\/2023\/09\/WhatsApp-Image-2023-09-13-at-14.36.56-1.jpeg\" alt=\"WhatsApp Image 2023-09-13 at 14.36.56\" width=\"400\" height=\"400\" \/><\/p>\n<ul>\n<li><a href=\"http:\/\/lattes.cnpq.br\/5139305517745342\" target=\"_blank\" rel=\"noopener\">Danyllo Di Giorgio Martins da Mota<\/a><\/li>\n<\/ul>\n<p>Possui Gradua\u00e7\u00e3o em Hist\u00f3ria \u2013 Bacharelado e Licenciatura (2006) e Mestrado em Hist\u00f3ria (2010) pela Universidade Federal de Goi\u00e1s \u2013 UFG. Em 2014 ingressou como aluno regular do Doutorado no Programa de P\u00f3s-gradua\u00e7\u00e3o em Hist\u00f3ria na Universidade Federal de Goi\u00e1s \u2013 UFG com o projeto de pesquisa intitulado \u201d A Mem\u00f3ria e o Esquecimento de um Revolucion\u00e1rio: Antonio Carlos Ribeiro de Andrada na Cultura Hist\u00f3rica Republicana (1926 \u2013 1934). Atualmente \u00e9 Professor de Ensino B\u00e1sico, T\u00e9cnico e Tecnol\u00f3gico no Instituto Federal de Educa\u00e7\u00e3o, Ci\u00eancia e Tecnologia de Goi\u00e1s \u2013 IFG, Campus Aparecida de Goi\u00e2nia. As principais \u00e1reas de interesse s\u00e3o Hist\u00f3ria Moderna e Contempor\u00e2nea; Hist\u00f3ria do Brasil; Primeira Rep\u00fablica; Mem\u00f3ria; Imprensa, e Literatura; Monteiro Lobato e Antonio Carlos Ribeiro de Andrada.<\/p>\n<p>&nbsp;<\/p>\n<p><a href=\"http:\/\/lattes.cnpq.br\/5139305517745342\"><img decoding=\"async\" class=\"alignnone size-full wp-image-382\" src=\"http:\/\/pesquisa.ifg.edu.br\/nusec\/wp-content\/uploads\/sites\/27\/2023\/09\/LATTES-LOGO.jpg\" alt=\"LATTES LOGO\" width=\"200\" height=\"77\" \/><\/a><\/p>\n<p>&nbsp;<\/p>\n<p><a href=\"https:\/\/ifgproduz.ifg.edu.br\/informacoes-pesquisadores\"><img decoding=\"async\" class=\"alignnone wp-image-347 size-full\" src=\"http:\/\/pesquisa.ifg.edu.br\/nusec\/wp-content\/uploads\/sites\/27\/2023\/09\/IFG-PRODUZ.png\" alt=\"IFG PRODUZ\" width=\"283\" height=\"115\" \/><\/a><\/p>\n","protected":false},"excerpt":{"rendered":"<p>Danyllo Di Giorgio Martins da Mota Possui Gradua\u00e7\u00e3o em Hist\u00f3ria \u2013 Bacharelado e Licenciatura (2006) e Mestrado em Hist\u00f3ria (2010) pela Universidade Federal de Goi\u00e1s \u2013 UFG. Em 2014 ingressou como aluno regular do Doutorado no Programa de P\u00f3s-gradua\u00e7\u00e3o em Hist\u00f3ria na Universidade Federal de Goi\u00e1s \u2013 UFG com o projeto de pesquisa intitulado \u201d [&hellip;]<\/p>\n","protected":false},"author":80,"featured_media":0,"parent":37,"menu_order":0,"comment_status":"closed","ping_status":"closed","template":"","meta":{"_monsterinsights_skip_tracking":false,"_monsterinsights_sitenote_active":false,"_monsterinsights_sitenote_note":"","_monsterinsights_sitenote_category":0,"footnotes":""},"class_list":["post-301","page","type-page","status-publish","hentry"],"_links":{"self":[{"href":"https:\/\/pesquisa.ifg.edu.br\/nusec\/wp-json\/wp\/v2\/pages\/301"}],"collection":[{"href":"https:\/\/pesquisa.ifg.edu.br\/nusec\/wp-json\/wp\/v2\/pages"}],"about":[{"href":"https:\/\/pesquisa.ifg.edu.br\/nusec\/wp-json\/wp\/v2\/types\/page"}],"author":[{"embeddable":true,"href":"https:\/\/pesquisa.ifg.edu.br\/nusec\/wp-json\/wp\/v2\/users\/80"}],"replies":[{"embeddable":true,"href":"https:\/\/pesquisa.ifg.edu.br\/nusec\/wp-json\/wp\/v2\/comments?post=301"}],"version-history":[{"count":5,"href":"https:\/\/pesquisa.ifg.edu.br\/nusec\/wp-json\/wp\/v2\/pages\/301\/revisions"}],"predecessor-version":[{"id":384,"href":"https:\/\/pesquisa.ifg.edu.br\/nusec\/wp-json\/wp\/v2\/pages\/301\/revisions\/384"}],"up":[{"embeddable":true,"href":"https:\/\/pesquisa.ifg.edu.br\/nusec\/wp-json\/wp\/v2\/pages\/37"}],"wp:attachment":[{"href":"https:\/\/pesquisa.ifg.edu.br\/nusec\/wp-json\/wp\/v2\/media?parent=301"}],"curies":[{"name":"wp","href":"https:\/\/api.w.org\/{rel}","templated":true}]}}

<p><img fetchpriority="high" decoding="async" class="alignnone size-full wp-image-97" src="http://pesquisa.ifg.edu.br/nusec/wp-content/uploads/sites/27/2023/09/WhatsApp-Image-2023-09-13-at-14.36.56-1.jpeg" alt="WhatsApp Image 2023-09-13 at 14.36.56" width="400" height="400" /></p>
<ul>
<li><a href="http://lattes.cnpq.br/5139305517745342" target="_blank" rel="noopener">Danyllo Di Giorgio Martins da Mota</a></li>
</ul>
<p>Possui Graduação em História – Bacharelado e Licenciatura (2006) e Mestrado em História (2010) pela Universidade Federal de Goiás – UFG. Em 2014 ingressou como aluno regular do Doutorado no Programa de Pós-graduação em História na Universidade Federal de Goiás – UFG com o projeto de pesquisa intitulado ” A Memória e o Esquecimento de um Revolucionário: Antonio Carlos Ribeiro de Andrada na Cultura Histórica Republicana (1926 – 1934). Atualmente é Professor de Ensino Básico, Técnico e Tecnológico no Instituto Federal de Educação, Ciência e Tecnologia de Goiás – IFG, Campus Aparecida de Goiânia. As principais áreas de interesse são História Moderna e Contemporânea; História do Brasil; Primeira República; Memória; Imprensa, e Literatura; Monteiro Lobato e Antonio Carlos Ribeiro de Andrada.</p>
<p>&nbsp;</p>
<p><a href="http://lattes.cnpq.br/5139305517745342"><img decoding="async" class="alignnone size-full wp-image-382" src="http://pesquisa.ifg.edu.br/nusec/wp-content/uploads/sites/27/2023/09/LATTES-LOGO.jpg" alt="LATTES LOGO" width="200" height="77" /></a></p>
<p>&nbsp;</p>
<p><a href="https://ifgproduz.ifg.edu.br/informacoes-pesquisadores"><img decoding="async" class="alignnone wp-image-347 size-full" src="http://pesquisa.ifg.edu.br/nusec/wp-content/uploads/sites/27/2023/09/IFG-PRODUZ.png" alt="IFG PRODUZ" width="283" height="115" /></a></p>

<p>Danyllo Di Giorgio Martins da Mota Possui Graduação em História – Bacharelado e Licenciatura (2006) e Mestrado em História (2010) pela Universidade Federal de Goiás – UFG. Em 2014 ingressou como aluno regular do Doutorado no Programa de Pós-graduação em História na Universidade Federal de Goiás – UFG com o projeto de pesquisa intitulado ” [&hellip;]</p>
