{"id":1222,"date":"2025-12-08T18:52:43","date_gmt":"2025-12-08T21:52:43","guid":{"rendered":"https:\/\/pesquisa.ifg.edu.br\/nupefil\/?page_id=1222"},"modified":"2025-12-08T18:52:43","modified_gmt":"2025-12-08T21:52:43","slug":"eventos","status":"publish","type":"page","link":"https:\/\/pesquisa.ifg.edu.br\/nupefil\/eventos\/","title":{"rendered":"Eventos"},"content":{"rendered":"\n<figure class=\"wp-block-image size-large is-resized\"><img fetchpriority=\"high\" decoding=\"async\" width=\"818\" height=\"1024\" src=\"http:\/\/pesquisa.ifg.edu.br\/nupefil\/wp-content\/uploads\/sites\/9\/2025\/12\/nupefil-818x1024.jpg\" alt=\"\" class=\"wp-image-1223\" style=\"width:518px;height:auto\" srcset=\"https:\/\/pesquisa.ifg.edu.br\/nupefil\/wp-content\/uploads\/sites\/9\/2025\/12\/nupefil-818x1024.jpg 818w, https:\/\/pesquisa.ifg.edu.br\/nupefil\/wp-content\/uploads\/sites\/9\/2025\/12\/nupefil-240x300.jpg 240w, https:\/\/pesquisa.ifg.edu.br\/nupefil\/wp-content\/uploads\/sites\/9\/2025\/12\/nupefil-768x962.jpg 768w, https:\/\/pesquisa.ifg.edu.br\/nupefil\/wp-content\/uploads\/sites\/9\/2025\/12\/nupefil-1227x1536.jpg 1227w, https:\/\/pesquisa.ifg.edu.br\/nupefil\/wp-content\/uploads\/sites\/9\/2025\/12\/nupefil.jpg 1278w\" sizes=\"(max-width: 818px) 100vw, 818px\" \/><\/figure>\n\n\n\n<p>Inscri\u00e7\u00f5es abertas para o VIII Semin\u00e1rio NUPEFIL, que acontece nos dias 2 e 3 de dezembro de 2025. Este ano o tema \u00e9 \u201cInflex\u00f5es sobre o caos: adoecimento, meio ambiente e viver contempor\u00e2neo\u201d, o evento reunir\u00e1 pesquisadores e pesquisadoras em torno de confer\u00eancias, mesas-redondas, oficinas, minicursos, lan\u00e7amento de livro, apresenta\u00e7\u00f5es culturais e comunica\u00e7\u00f5es.<\/p>\n\n\n\n<p><\/p>\n\n\n\n<p>Link para a inscri\u00e7\u00e3o: <a href=\"https:\/\/www.even3.com.br\/viii-seminario-nupefil-657457\/\">https:\/\/www.even3.com.br\/viii-seminario-nupefil-657457\/<\/a><\/p>\n","protected":false},"excerpt":{"rendered":"<p>Inscri\u00e7\u00f5es abertas para o VIII Semin\u00e1rio NUPEFIL, que acontece nos dias 2 e 3 de dezembro de 2025. Este ano o tema \u00e9 \u201cInflex\u00f5es sobre o caos: adoecimento, meio ambiente e viver contempor\u00e2neo\u201d, o evento reunir\u00e1 pesquisadores e pesquisadoras em torno de confer\u00eancias, mesas-redondas, oficinas, minicursos, lan\u00e7amento de livro, apresenta\u00e7\u00f5es culturais e comunica\u00e7\u00f5es. Link para &#8230; <a title=\"Eventos\" class=\"read-more\" href=\"https:\/\/pesquisa.ifg.edu.br\/nupefil\/eventos\/\" aria-label=\"Read more about Eventos\">Ler mais<\/a><\/p>\n","protected":false},"author":99,"featured_media":0,"parent":0,"menu_order":0,"comment_status":"closed","ping_status":"closed","template":"","meta":{"_monsterinsights_skip_tracking":false,"_monsterinsights_sitenote_active":false,"_monsterinsights_sitenote_note":"","_monsterinsights_sitenote_category":0,"footnotes":""},"class_list":["post-1222","page","type-page","status-publish"],"_links":{"self":[{"href":"https:\/\/pesquisa.ifg.edu.br\/nupefil\/wp-json\/wp\/v2\/pages\/1222"}],"collection":[{"href":"https:\/\/pesquisa.ifg.edu.br\/nupefil\/wp-json\/wp\/v2\/pages"}],"about":[{"href":"https:\/\/pesquisa.ifg.edu.br\/nupefil\/wp-json\/wp\/v2\/types\/page"}],"author":[{"embeddable":true,"href":"https:\/\/pesquisa.ifg.edu.br\/nupefil\/wp-json\/wp\/v2\/users\/99"}],"replies":[{"embeddable":true,"href":"https:\/\/pesquisa.ifg.edu.br\/nupefil\/wp-json\/wp\/v2\/comments?post=1222"}],"version-history":[{"count":2,"href":"https:\/\/pesquisa.ifg.edu.br\/nupefil\/wp-json\/wp\/v2\/pages\/1222\/revisions"}],"predecessor-version":[{"id":1225,"href":"https:\/\/pesquisa.ifg.edu.br\/nupefil\/wp-json\/wp\/v2\/pages\/1222\/revisions\/1225"}],"wp:attachment":[{"href":"https:\/\/pesquisa.ifg.edu.br\/nupefil\/wp-json\/wp\/v2\/media?parent=1222"}],"curies":[{"name":"wp","href":"https:\/\/api.w.org\/{rel}","templated":true}]}}