{"id":1202,"date":"2025-11-14T19:18:21","date_gmt":"2025-11-14T22:18:21","guid":{"rendered":"https:\/\/pesquisa.ifg.edu.br\/nupefil\/?page_id=1202"},"modified":"2025-11-14T19:21:40","modified_gmt":"2025-11-14T22:21:40","slug":"elementor-pagina-1202","status":"publish","type":"page","link":"https:\/\/pesquisa.ifg.edu.br\/nupefil\/elementor-pagina-1202\/","title":{"rendered":"Elementor P\u00e1gina #1202"},"content":{"rendered":"\t\t<div data-elementor-type=\"wp-page\" data-elementor-id=\"1202\" class=\"elementor elementor-1202\">\n\t\t\t\t<div class=\"elementor-element elementor-element-d72b88a e-flex e-con-boxed e-con e-parent\" data-id=\"d72b88a\" data-element_type=\"container\" data-e-type=\"container\">\n\t\t\t\t\t<div class=\"e-con-inner\">\n\t\t\t\t<div class=\"elementor-element elementor-element-e50df3f elementor-widget elementor-widget-heading\" data-id=\"e50df3f\" data-element_type=\"widget\" data-e-type=\"widget\" data-widget_type=\"heading.default\">\n\t\t\t\t<div class=\"elementor-widget-container\">\n\t\t\t\t\t<h2 class=\"elementor-heading-title elementor-size-default\"><h1 style=\"font-family: Poppins, sans-serif;font-style: normal\">Secitec 2025<\/h1><\/h2>\t\t\t\t<\/div>\n\t\t\t\t<\/div>\n\t\t\t\t\t<\/div>\n\t\t\t\t<\/div>\n\t\t<div class=\"elementor-element elementor-element-ad0073d e-flex e-con-boxed e-con e-parent\" data-id=\"ad0073d\" data-element_type=\"container\" data-e-type=\"container\">\n\t\t\t\t\t<div class=\"e-con-inner\">\n\t\t\t\t<div class=\"elementor-element elementor-element-4854363 elementor-widget elementor-widget-text-editor\" data-id=\"4854363\" data-element_type=\"widget\" data-e-type=\"widget\" data-widget_type=\"text-editor.default\">\n\t\t\t\t<div class=\"elementor-widget-container\">\n\t\t\t\t\t\t\t\t\t<p>Semanda da educa\u00e7\u00e3o, ci\u00eancia, tecnologia e educa\u00e7\u00e3o<\/p>\t\t\t\t\t\t\t\t<\/div>\n\t\t\t\t<\/div>\n\t\t\t\t\t<\/div>\n\t\t\t\t<\/div>\n\t\t<div class=\"elementor-element elementor-element-34125d2 e-flex e-con-boxed e-con e-parent\" data-id=\"34125d2\" data-element_type=\"container\" data-e-type=\"container\">\n\t\t\t\t\t<div class=\"e-con-inner\">\n\t\t\t\t<div class=\"elementor-element elementor-element-79a72a9 elementor-widget elementor-widget-image\" data-id=\"79a72a9\" data-element_type=\"widget\" data-e-type=\"widget\" data-widget_type=\"image.default\">\n\t\t\t\t<div class=\"elementor-widget-container\">\n\t\t\t\t\t\t\t\t\t\t\t\t\t\t\t<img fetchpriority=\"high\" decoding=\"async\" width=\"768\" height=\"1087\" src=\"https:\/\/pesquisa.ifg.edu.br\/nupefil\/wp-content\/uploads\/sites\/9\/2025\/11\/b1ae0cf8-74ca-48a9-84aa-692e5b5fa33c-768x1087.jpg\" class=\"attachment-medium_large size-medium_large wp-image-1204\" alt=\"\" srcset=\"https:\/\/pesquisa.ifg.edu.br\/nupefil\/wp-content\/uploads\/sites\/9\/2025\/11\/b1ae0cf8-74ca-48a9-84aa-692e5b5fa33c-768x1087.jpg 768w, https:\/\/pesquisa.ifg.edu.br\/nupefil\/wp-content\/uploads\/sites\/9\/2025\/11\/b1ae0cf8-74ca-48a9-84aa-692e5b5fa33c-212x300.jpg 212w, https:\/\/pesquisa.ifg.edu.br\/nupefil\/wp-content\/uploads\/sites\/9\/2025\/11\/b1ae0cf8-74ca-48a9-84aa-692e5b5fa33c-723x1024.jpg 723w, https:\/\/pesquisa.ifg.edu.br\/nupefil\/wp-content\/uploads\/sites\/9\/2025\/11\/b1ae0cf8-74ca-48a9-84aa-692e5b5fa33c.jpg 904w\" sizes=\"(max-width: 768px) 100vw, 768px\" \/>\t\t\t\t\t\t\t\t\t\t\t\t\t\t\t<\/div>\n\t\t\t\t<\/div>\n\t\t\t\t\t<\/div>\n\t\t\t\t<\/div>\n\t\t\t\t<\/div>\n\t\t","protected":false},"excerpt":{"rendered":"<p>Secitec 2025 Semanda da educa\u00e7\u00e3o, ci\u00eancia, tecnologia e educa\u00e7\u00e3o<\/p>\n","protected":false},"author":99,"featured_media":0,"parent":0,"menu_order":0,"comment_status":"closed","ping_status":"closed","template":"","meta":{"_monsterinsights_skip_tracking":false,"_monsterinsights_sitenote_active":false,"_monsterinsights_sitenote_note":"","_monsterinsights_sitenote_category":0,"footnotes":""},"class_list":["post-1202","page","type-page","status-publish"],"_links":{"self":[{"href":"https:\/\/pesquisa.ifg.edu.br\/nupefil\/wp-json\/wp\/v2\/pages\/1202"}],"collection":[{"href":"https:\/\/pesquisa.ifg.edu.br\/nupefil\/wp-json\/wp\/v2\/pages"}],"about":[{"href":"https:\/\/pesquisa.ifg.edu.br\/nupefil\/wp-json\/wp\/v2\/types\/page"}],"author":[{"embeddable":true,"href":"https:\/\/pesquisa.ifg.edu.br\/nupefil\/wp-json\/wp\/v2\/users\/99"}],"replies":[{"embeddable":true,"href":"https:\/\/pesquisa.ifg.edu.br\/nupefil\/wp-json\/wp\/v2\/comments?post=1202"}],"version-history":[{"count":5,"href":"https:\/\/pesquisa.ifg.edu.br\/nupefil\/wp-json\/wp\/v2\/pages\/1202\/revisions"}],"predecessor-version":[{"id":1208,"href":"https:\/\/pesquisa.ifg.edu.br\/nupefil\/wp-json\/wp\/v2\/pages\/1202\/revisions\/1208"}],"wp:attachment":[{"href":"https:\/\/pesquisa.ifg.edu.br\/nupefil\/wp-json\/wp\/v2\/media?parent=1202"}],"curies":[{"name":"wp","href":"https:\/\/api.w.org\/{rel}","templated":true}]}}