{"id":72,"date":"2018-05-22T12:15:34","date_gmt":"2018-05-22T15:15:34","guid":{"rendered":"http:\/\/pesquisa.ifg.edu.br\/laboratoriodoensinodehistoria\/?page_id=72"},"modified":"2018-05-30T10:53:39","modified_gmt":"2018-05-30T13:53:39","slug":"projetos-home","status":"publish","type":"page","link":"https:\/\/pesquisa.ifg.edu.br\/laboratoriodoensinodehistoria\/projetos-home\/","title":{"rendered":"Projetos"},"content":{"rendered":"<p style=\"text-align: justify\">O Laborat\u00f3rio do Ensino de Hist\u00f3ria, atualmente, desenvolve uma s\u00e9rie de projetos que envolvem a\u00e7\u00f5es de pesquisa e ensino dos docentes e discentes do Curso de Licenciatura em Hist\u00f3ria do IFG. Conhe\u00e7a nossas atividades e possibilidades de realiza\u00e7\u00e3o de\u00a0 projetos.<\/p>\n","protected":false},"excerpt":{"rendered":"<p>O Laborat\u00f3rio do Ensino de Hist\u00f3ria, atualmente, desenvolve uma s\u00e9rie de projetos que envolvem a\u00e7\u00f5es de pesquisa e ensino dos docentes e discentes do Curso de Licenciatura em Hist\u00f3ria do IFG. Conhe\u00e7a nossas atividades e possibilidades de realiza\u00e7\u00e3o de\u00a0 projetos.<\/p>\n","protected":false},"author":34,"featured_media":0,"parent":0,"menu_order":0,"comment_status":"closed","ping_status":"closed","template":"","meta":{"_monsterinsights_skip_tracking":false,"_monsterinsights_sitenote_active":false,"_monsterinsights_sitenote_note":"","_monsterinsights_sitenote_category":0,"footnotes":""},"class_list":["post-72","page","type-page","status-publish","hentry"],"_links":{"self":[{"href":"https:\/\/pesquisa.ifg.edu.br\/laboratoriodoensinodehistoria\/wp-json\/wp\/v2\/pages\/72"}],"collection":[{"href":"https:\/\/pesquisa.ifg.edu.br\/laboratoriodoensinodehistoria\/wp-json\/wp\/v2\/pages"}],"about":[{"href":"https:\/\/pesquisa.ifg.edu.br\/laboratoriodoensinodehistoria\/wp-json\/wp\/v2\/types\/page"}],"author":[{"embeddable":true,"href":"https:\/\/pesquisa.ifg.edu.br\/laboratoriodoensinodehistoria\/wp-json\/wp\/v2\/users\/34"}],"replies":[{"embeddable":true,"href":"https:\/\/pesquisa.ifg.edu.br\/laboratoriodoensinodehistoria\/wp-json\/wp\/v2\/comments?post=72"}],"version-history":[{"count":4,"href":"https:\/\/pesquisa.ifg.edu.br\/laboratoriodoensinodehistoria\/wp-json\/wp\/v2\/pages\/72\/revisions"}],"predecessor-version":[{"id":209,"href":"https:\/\/pesquisa.ifg.edu.br\/laboratoriodoensinodehistoria\/wp-json\/wp\/v2\/pages\/72\/revisions\/209"}],"wp:attachment":[{"href":"https:\/\/pesquisa.ifg.edu.br\/laboratoriodoensinodehistoria\/wp-json\/wp\/v2\/media?parent=72"}],"curies":[{"name":"wp","href":"https:\/\/api.w.org\/{rel}","templated":true}]}}