{"id":617,"date":"2021-04-23T09:02:26","date_gmt":"2021-04-23T12:02:26","guid":{"rendered":"http:\/\/pesquisa.ifg.edu.br\/laboratoriodoensinodehistoria\/?page_id=617"},"modified":"2022-03-10T20:59:09","modified_gmt":"2022-03-10T23:59:09","slug":"pccs","status":"publish","type":"page","link":"https:\/\/pesquisa.ifg.edu.br\/laboratoriodoensinodehistoria\/nossas-producoes\/pccs\/","title":{"rendered":"PCCs"},"content":{"rendered":"<p>Aqui voc\u00ea pode encontrar conte\u00fados referentes a nossas Pr\u00e1ticas Como Componente Curricular.<\/p>\n<p>Seguem alguns materiais produzidos\u00a0em Pr\u00e1tica como Componente Curricular IV &#8211; Educa\u00e7\u00e3o e Diversidade,\u00a0 quando ministrada pelo professor Sebasti\u00e3o Barbosa:\n<\/p>\n<p> <a href=\"https:\/\/www.youtube.com\/watch?v=K_ImRL7WxBg\">https:\/\/www.youtube.com\/watch?v=K_ImRL7WxBg<\/a> <\/p>\n<p> <a href=\"https:\/\/www.youtube.com\/watch?v=V_4MqcpIqAg\">https:\/\/www.youtube.com\/watch?v=V_4MqcpIqAg<\/a> <\/p>\n<p> <a href=\"https:\/\/youtu.be\/lubgZ_3m7Dg\">https:\/\/youtu.be\/lubgZ_3m7Dg<\/a> <\/p>\n<p> <a href=\"https:\/\/youtu.be\/HeErT1el37U\">https:\/\/youtu.be\/HeErT1el37U<\/a> <\/p>\n<p> <a href=\"https:\/\/youtu.be\/VBXHHh6HPPY\">https:\/\/youtu.be\/VBXHHh6HPPY<\/a> <\/p>\n<p> <a href=\"https:\/\/m.youtube.com\/watch?v=CiYKuEQ2gC0\">https:\/\/m.youtube.com\/watch?v=CiYKuEQ2gC0<\/a> <\/p>\n<p> <a href=\"https:\/\/youtu.be\/T55FDY-e3VU\">https:\/\/youtu.be\/T55FDY-e3VU<\/a> <\/p>\n<p> <a href=\"https:\/\/youtu.be\/QroUuJzNwvE\">https:\/\/youtu.be\/QroUuJzNwvE<\/a> <\/p>\n<p> <a href=\"https:\/\/youtu.be\/FHiQ7fkHf9M\">https:\/\/youtu.be\/FHiQ7fkHf9M<\/a> <\/p>\n<p> Seguem alguns materiais produzidos\u00a0em Pr\u00e1tica como Componente Curricular VII &#8211; Educa\u00e7\u00e3o e Diversidade,\u00a0 quando ministrada pela professora Mariana Affonso Penna: <\/p>\n<p> <a href=\"http:\/\/pesquisa.ifg.edu.br\/laboratoriodoensinodehistoria\/wp-content\/uploads\/sites\/10\/2021\/12\/Plano-de-aula-para-PCC-VII.docx\">Plano de aula para PCC VII<\/a> <\/p>\n<p> <a href=\"http:\/\/pesquisa.ifg.edu.br\/laboratoriodoensinodehistoria\/wp-content\/uploads\/sites\/10\/2021\/12\/projeto-2-PCC.ppt\">projeto 2 PCC<\/a> <\/p>\n<p> <a href=\"http:\/\/pesquisa.ifg.edu.br\/laboratoriodoensinodehistoria\/wp-content\/uploads\/sites\/10\/2021\/12\/Slides-PCC-7-atualizado.pptx\">Slides PCC<\/a><a href=\"http:\/\/pesquisa.ifg.edu.br\/laboratoriodoensinodehistoria\/wp-content\/uploads\/sites\/10\/2021\/12\/Aula sobre memes e preconceito.pptx\"> 7 atualizado<\/a> <\/p>\n<p> <a href=\"http:\/\/pesquisa.ifg.edu.br\/laboratoriodoensinodehistoria\/wp-content\/uploads\/sites\/10\/2021\/12\/Plano-de-aula-oficina-PCC-7-update-1.0.pdf\">Plano de aula oficina PCC 7 update 1.0<\/a> <\/p>\n<p> <a href=\"http:\/\/pesquisa.ifg.edu.br\/laboratoriodoensinodehistoria\/wp-content\/uploads\/sites\/10\/2021\/12\/Plano-Original-de-Oficina-Inclus\u00e3o-geracional.pdf\">Plano Original de Oficina -Inclus\u00e3o geracional<\/a> <\/p>\n<p> <a href=\"http:\/\/pesquisa.ifg.edu.br\/laboratoriodoensinodehistoria\/wp-content\/uploads\/sites\/10\/2021\/04\/PCC-7-Trabalho-Final-Racismo.pdf\">PCC 7 Trabalho Final &#8211; Racismo<\/a> <\/p>\n<p>&nbsp;<\/p>\n","protected":false},"excerpt":{"rendered":"<p>Aqui voc\u00ea pode encontrar conte\u00fados referentes a nossas Pr\u00e1ticas Como Componente Curricular. Seguem alguns materiais produzidos\u00a0em Pr\u00e1tica como Componente Curricular IV &#8211; Educa\u00e7\u00e3o e Diversidade,\u00a0 quando ministrada pelo professor Sebasti\u00e3o Barbosa: https:\/\/www.youtube.com\/watch?v=K_ImRL7WxBg https:\/\/www.youtube.com\/watch?v=V_4MqcpIqAg https:\/\/youtu.be\/lubgZ_3m7Dg https:\/\/youtu.be\/HeErT1el37U https:\/\/youtu.be\/VBXHHh6HPPY https:\/\/m.youtube.com\/watch?v=CiYKuEQ2gC0 https:\/\/youtu.be\/T55FDY-e3VU https:\/\/youtu.be\/QroUuJzNwvE https:\/\/youtu.be\/FHiQ7fkHf9M&#8230;<br \/><a class=\"read-more-button\" href=\"https:\/\/pesquisa.ifg.edu.br\/laboratoriodoensinodehistoria\/nossas-producoes\/pccs\/\">Read more<\/a><\/p>\n","protected":false},"author":53,"featured_media":0,"parent":606,"menu_order":0,"comment_status":"closed","ping_status":"closed","template":"","meta":{"_monsterinsights_skip_tracking":false,"_monsterinsights_sitenote_active":false,"_monsterinsights_sitenote_note":"","_monsterinsights_sitenote_category":0,"footnotes":""},"class_list":["post-617","page","type-page","status-publish","hentry"],"_links":{"self":[{"href":"https:\/\/pesquisa.ifg.edu.br\/laboratoriodoensinodehistoria\/wp-json\/wp\/v2\/pages\/617"}],"collection":[{"href":"https:\/\/pesquisa.ifg.edu.br\/laboratoriodoensinodehistoria\/wp-json\/wp\/v2\/pages"}],"about":[{"href":"https:\/\/pesquisa.ifg.edu.br\/laboratoriodoensinodehistoria\/wp-json\/wp\/v2\/types\/page"}],"author":[{"embeddable":true,"href":"https:\/\/pesquisa.ifg.edu.br\/laboratoriodoensinodehistoria\/wp-json\/wp\/v2\/users\/53"}],"replies":[{"embeddable":true,"href":"https:\/\/pesquisa.ifg.edu.br\/laboratoriodoensinodehistoria\/wp-json\/wp\/v2\/comments?post=617"}],"version-history":[{"count":7,"href":"https:\/\/pesquisa.ifg.edu.br\/laboratoriodoensinodehistoria\/wp-json\/wp\/v2\/pages\/617\/revisions"}],"predecessor-version":[{"id":665,"href":"https:\/\/pesquisa.ifg.edu.br\/laboratoriodoensinodehistoria\/wp-json\/wp\/v2\/pages\/617\/revisions\/665"}],"up":[{"embeddable":true,"href":"https:\/\/pesquisa.ifg.edu.br\/laboratoriodoensinodehistoria\/wp-json\/wp\/v2\/pages\/606"}],"wp:attachment":[{"href":"https:\/\/pesquisa.ifg.edu.br\/laboratoriodoensinodehistoria\/wp-json\/wp\/v2\/media?parent=617"}],"curies":[{"name":"wp","href":"https:\/\/api.w.org\/{rel}","templated":true}]}}

<p>Aqui você pode encontrar conteúdos referentes a nossas Práticas Como Componente Curricular.</p>
<p>Seguem alguns materiais produzidos em Prática como Componente Curricular IV &#8211; Educação e Diversidade,  quando ministrada pelo professor Sebastião Barbosa:
</p>
<p> <a href="https://www.youtube.com/watch?v=K_ImRL7WxBg">https://www.youtube.com/watch?v=K_ImRL7WxBg</a> </p>
<p> <a href="https://www.youtube.com/watch?v=V_4MqcpIqAg">https://www.youtube.com/watch?v=V_4MqcpIqAg</a> </p>
<p> <a href="https://youtu.be/lubgZ_3m7Dg">https://youtu.be/lubgZ_3m7Dg</a> </p>
<p> <a href="https://youtu.be/HeErT1el37U">https://youtu.be/HeErT1el37U</a> </p>
<p> <a href="https://youtu.be/VBXHHh6HPPY">https://youtu.be/VBXHHh6HPPY</a> </p>
<p> <a href="https://m.youtube.com/watch?v=CiYKuEQ2gC0">https://m.youtube.com/watch?v=CiYKuEQ2gC0</a> </p>
<p> <a href="https://youtu.be/T55FDY-e3VU">https://youtu.be/T55FDY-e3VU</a> </p>
<p> <a href="https://youtu.be/QroUuJzNwvE">https://youtu.be/QroUuJzNwvE</a> </p>
<p> <a href="https://youtu.be/FHiQ7fkHf9M">https://youtu.be/FHiQ7fkHf9M</a> </p>
<p> Seguem alguns materiais produzidos em Prática como Componente Curricular VII &#8211; Educação e Diversidade,  quando ministrada pela professora Mariana Affonso Penna: </p>
<p> <a href="http://pesquisa.ifg.edu.br/laboratoriodoensinodehistoria/wp-content/uploads/sites/10/2021/12/Plano-de-aula-para-PCC-VII.docx">Plano de aula para PCC VII</a> </p>
<p> <a href="http://pesquisa.ifg.edu.br/laboratoriodoensinodehistoria/wp-content/uploads/sites/10/2021/12/projeto-2-PCC.ppt">projeto 2 PCC</a> </p>
<p> <a href="http://pesquisa.ifg.edu.br/laboratoriodoensinodehistoria/wp-content/uploads/sites/10/2021/12/Slides-PCC-7-atualizado.pptx">Slides PCC</a><a href="http://pesquisa.ifg.edu.br/laboratoriodoensinodehistoria/wp-content/uploads/sites/10/2021/12/Aula sobre memes e preconceito.pptx"> 7 atualizado</a> </p>
<p> <a href="http://pesquisa.ifg.edu.br/laboratoriodoensinodehistoria/wp-content/uploads/sites/10/2021/12/Plano-de-aula-oficina-PCC-7-update-1.0.pdf">Plano de aula oficina PCC 7 update 1.0</a> </p>
<p> <a href="http://pesquisa.ifg.edu.br/laboratoriodoensinodehistoria/wp-content/uploads/sites/10/2021/12/Plano-Original-de-Oficina-Inclusão-geracional.pdf">Plano Original de Oficina -Inclusão geracional</a> </p>
<p> <a href="http://pesquisa.ifg.edu.br/laboratoriodoensinodehistoria/wp-content/uploads/sites/10/2021/04/PCC-7-Trabalho-Final-Racismo.pdf">PCC 7 Trabalho Final &#8211; Racismo</a> </p>
<p>&nbsp;</p>

<p>Aqui você pode encontrar conteúdos referentes a nossas Práticas Como Componente Curricular. Seguem alguns materiais produzidos em Prática como Componente Curricular IV &#8211; Educação e Diversidade,  quando ministrada pelo professor Sebastião Barbosa: https://www.youtube.com/watch?v=K_ImRL7WxBg https://www.youtube.com/watch?v=V_4MqcpIqAg https://youtu.be/lubgZ_3m7Dg https://youtu.be/HeErT1el37U https://youtu.be/VBXHHh6HPPY https://m.youtube.com/watch?v=CiYKuEQ2gC0 https://youtu.be/T55FDY-e3VU https://youtu.be/QroUuJzNwvE https://youtu.be/FHiQ7fkHf9M&#8230;<br /><a class="read-more-button" href="https://pesquisa.ifg.edu.br/laboratoriodoensinodehistoria/nossas-producoes/pccs/">Read more</a></p>
