{"id":252,"date":"2022-04-15T10:08:31","date_gmt":"2022-04-15T13:08:31","guid":{"rendered":"http:\/\/pesquisa.ifg.edu.br\/astrobiologiatemainterdisciplinar\/?page_id=252"},"modified":"2022-04-15T10:08:37","modified_gmt":"2022-04-15T13:08:37","slug":"biologia","status":"publish","type":"page","link":"https:\/\/pesquisa.ifg.edu.br\/astrobiologiatemainterdisciplinar\/disciplinas\/biologia\/","title":{"rendered":"Biologia"},"content":{"rendered":"<p class=\"\">Podemos come\u00e7ar com a conceitua\u00e7\u00e3o do que \u00e9 vida. Mostrar que existem diferentes defini\u00e7\u00f5es, algumas mais simples e outras mais especulativas, que podem expandir ou restringir nossas buscas por seres vivos em outros planetas. Dentro de cada defini\u00e7\u00e3o (ou de alguma defini\u00e7\u00e3o), seria fundamental ent\u00e3o discutir como a vida (seja ela qual for) seria capaz de se originar. Que tipo de condi\u00e7\u00f5es fisico-qu\u00edmicas s\u00e3o necess\u00e1rias para o surgimento e a manuten\u00e7\u00e3o da vida? Tema extremamente importante para a astrobiologia s\u00e3o os ciclos biogeoqu\u00edmicos, em especial os da \u00e1gua, oxig\u00eanio e carbono, e como esses ciclos se apresentam em outros planetas.<\/p>\n<p class=\"\"> Uma propriedade dos seres-vivos como os conhecemos \u00e9 sua compartimentaliza\u00e7\u00e3o, isto \u00e9, s\u00e3o estruturas separadas de seu ambiente por uma camada. Interessante ent\u00e3o destacar a import\u00e2ncia dos lip\u00eddeos, que s\u00e3o o que comp\u00f5em essa camada. A estrutura do DNA tamb\u00e9m \u00e9 composta por outras biomol\u00e9culas de fundamental import\u00e2ncia, que merece discuss\u00e3o.<\/p>\n<p class=\"\">Vale ser destacado que a \u00e1gua \u00e9 primordial para a exist\u00eancia e composi\u00e7\u00e3o da vida na Terra. Uma quest\u00e3o a ser levantada \u00e9 como isso poderia afetar as condi\u00e7\u00f5es de sobreviv\u00eancia nesses ambientes e at\u00e9 mesmo a evolu\u00e7\u00e3o de uma poss\u00edvel vida em tais locais. Em nosso planeta, especula-se que a vida surgiu cercada por \u00e1gua, como \u00e9 proposto na Teoria da evolu\u00e7\u00e3o gradual dos sistemas qu\u00edmicos. Seria poss\u00edvel vida em outros solventes? Especula-se por exemplo sobre vida nos oceanos de metano da lua Tit\u00e3 de Saturno. Como seria formas de vida nesse ambiente? Ainda seriam compartimentalizada por lip\u00eddios? Ainda seria \u00e0 base de hidrocarbonetos?<\/p>\n<p class=\"\"> Outro tema bastante interessante \u00e9 investigar o que acontece com seres vivos, simples ou complexos, em viagens espaciais. De acordo com o artigo \u201c<a href=\"https:\/\/pubmed.ncbi.nlm.nih.gov\/33242417\/\">Comprehensive Multi-omics Analysis Reveals Mitochondrial Stress as a Central Biological Hub for Spaceflight Impact<\/a>\u201d, h\u00e1 evid\u00eancias de estresse mitocondrial em seres vivos  que fazem viagens espaciais. A mat\u00e9ria \u201c<a href=\"https:\/\/canaltech.com.br\/espaco\/como-viagens-espaciais-e-a-microgravidade-podem-afetar-a-atividade-das-celulas-175402\/\">Como viagens espaciais e microgravidade podem afetar a atividade das c\u00e9lulas<\/a>\u201d que faz refer\u00eancia ao texto &#8220;<a href=\"https:\/\/www.cell.com\/c\/the-biology-of-spaceflight\">The Biology of Spaceflight<\/a>&#8221; pode ser um recurso interessante para ser usado em sala de aula. Ou ainda o <a href=\"https:\/\/canaltech.com.br\/espaco\/o-que-aconteceu-com-o-organismo-do-astronauta-scott-kelly-no-espaco-137023\/\">estudo realizado<\/a> com g\u00eameos sobre as altera\u00e7\u00f5es causadas no organismo por viagens espaciais.<\/p>\n","protected":false},"excerpt":{"rendered":"<p>Podemos come\u00e7ar com a conceitua\u00e7\u00e3o do que \u00e9 vida. Mostrar que existem diferentes defini\u00e7\u00f5es, algumas mais simples e outras mais especulativas, que podem expandir ou restringir nossas buscas por seres vivos em outros planetas. Dentro de cada defini\u00e7\u00e3o (ou de alguma defini\u00e7\u00e3o), seria fundamental ent\u00e3o discutir como a vida (seja ela qual for) seria capaz [&hellip;]<\/p>\n","protected":false},"author":56,"featured_media":0,"parent":65,"menu_order":0,"comment_status":"closed","ping_status":"closed","template":"","meta":{"_monsterinsights_skip_tracking":false,"_monsterinsights_sitenote_active":false,"_monsterinsights_sitenote_note":"","_monsterinsights_sitenote_category":0,"footnotes":""},"class_list":["post-252","page","type-page","status-publish","hentry"],"_links":{"self":[{"href":"https:\/\/pesquisa.ifg.edu.br\/astrobiologiatemainterdisciplinar\/wp-json\/wp\/v2\/pages\/252"}],"collection":[{"href":"https:\/\/pesquisa.ifg.edu.br\/astrobiologiatemainterdisciplinar\/wp-json\/wp\/v2\/pages"}],"about":[{"href":"https:\/\/pesquisa.ifg.edu.br\/astrobiologiatemainterdisciplinar\/wp-json\/wp\/v2\/types\/page"}],"author":[{"embeddable":true,"href":"https:\/\/pesquisa.ifg.edu.br\/astrobiologiatemainterdisciplinar\/wp-json\/wp\/v2\/users\/56"}],"replies":[{"embeddable":true,"href":"https:\/\/pesquisa.ifg.edu.br\/astrobiologiatemainterdisciplinar\/wp-json\/wp\/v2\/comments?post=252"}],"version-history":[{"count":1,"href":"https:\/\/pesquisa.ifg.edu.br\/astrobiologiatemainterdisciplinar\/wp-json\/wp\/v2\/pages\/252\/revisions"}],"predecessor-version":[{"id":253,"href":"https:\/\/pesquisa.ifg.edu.br\/astrobiologiatemainterdisciplinar\/wp-json\/wp\/v2\/pages\/252\/revisions\/253"}],"up":[{"embeddable":true,"href":"https:\/\/pesquisa.ifg.edu.br\/astrobiologiatemainterdisciplinar\/wp-json\/wp\/v2\/pages\/65"}],"wp:attachment":[{"href":"https:\/\/pesquisa.ifg.edu.br\/astrobiologiatemainterdisciplinar\/wp-json\/wp\/v2\/media?parent=252"}],"curies":[{"name":"wp","href":"https:\/\/api.w.org\/{rel}","templated":true}]}}