{"id":238,"date":"2022-04-14T23:35:04","date_gmt":"2022-04-15T02:35:04","guid":{"rendered":"http:\/\/pesquisa.ifg.edu.br\/astrobiologiatemainterdisciplinar\/?page_id=238"},"modified":"2022-04-14T23:35:34","modified_gmt":"2022-04-15T02:35:34","slug":"linguagens-e-arte","status":"publish","type":"page","link":"https:\/\/pesquisa.ifg.edu.br\/astrobiologiatemainterdisciplinar\/disciplinas\/linguagens-e-arte\/","title":{"rendered":"Linguagens e Arte"},"content":{"rendered":"<p>Os estudos de linguagens e arte tr\u00e1s a quest\u00e3o sobre o que vem a ser linguagem, cultura e arte. Assim, levanta muitas discuss\u00f5es interessantes da perspectiva astrobiol\u00f3gica: se, eventualmente, encontramos algumas marcas em uma rocha espacial ou na superf\u00edcie de algum outro planeta, como podemos identificar se essas marcas constituem arte ou algum tipo de escrita? Esse \u00e9 o tipo de pergunta abordada hoje por muitos antrop\u00f3logos ou arque\u00f3logos, mas pode naturalmente ser expandida para um cen\u00e1rio do mundo exterior. A arte e a linguagem est\u00e3o intrinsecamente relacionada ao processo de reflex\u00e3o. A forma como um um objeto \u00e9 produzido diferencia sociedades: suas culturas, formas de pensar, relacionar e de perceber a realidade. Como motivador, o filme A Chegada pode ser um bom ponto de partida.<\/p>\n<p>Voltando nossa aten\u00e7\u00e3o para a Terra, \u00e9 interessante trazer \u00e0 tona a discuss\u00e3o sobre a import\u00e2ncia da astronomia para as mais diferentes civiliza\u00e7\u00f5es: muitos dos mais antigos registros de representa\u00e7\u00e3o simb\u00f3lica fazem refer\u00eancia a eventos astron\u00f4micos, calend\u00e1rios ou registros de constela\u00e7\u00f5es. Por exemplo, no S\u00edtio Arqueol\u00f3gico Toca da On\u00e7a, em Formosa, Goi\u00e1s, podem ser encontrados registros rupestres que <a href=\"https:\/\/revistas.ufrj.br\/index.php\/aigeo\/article\/viewFile\/31315\/17794\">pesquisadores apontam<\/a> ser registros astron\u00f4micos.<\/p>\n<p>Na literatura, a utopia e as categorias de distopia podem ser discutidas a partir de quest\u00f5es levantadas pela astrobiologia, como &#8220;a humanidade sobreviver\u00e1 na Terra ou em outros mundos?&#8221;.  Cen\u00e1rios de fic\u00e7\u00e3o cient\u00edfica tamb\u00e9m podem ser discutidos (como muitas vezes s\u00e3o) quando confrontados com a quest\u00e3o se algum dia encontraremos vida em outro lugar.<\/p>\n","protected":false},"excerpt":{"rendered":"<p>Os estudos de linguagens e arte tr\u00e1s a quest\u00e3o sobre o que vem a ser linguagem, cultura e arte. Assim, levanta muitas discuss\u00f5es interessantes da perspectiva astrobiol\u00f3gica: se, eventualmente, encontramos algumas marcas em uma rocha espacial ou na superf\u00edcie de algum outro planeta, como podemos identificar se essas marcas constituem arte ou algum tipo de [&hellip;]<\/p>\n","protected":false},"author":56,"featured_media":0,"parent":65,"menu_order":0,"comment_status":"closed","ping_status":"closed","template":"","meta":{"_monsterinsights_skip_tracking":false,"_monsterinsights_sitenote_active":false,"_monsterinsights_sitenote_note":"","_monsterinsights_sitenote_category":0,"footnotes":""},"class_list":["post-238","page","type-page","status-publish","hentry"],"_links":{"self":[{"href":"https:\/\/pesquisa.ifg.edu.br\/astrobiologiatemainterdisciplinar\/wp-json\/wp\/v2\/pages\/238"}],"collection":[{"href":"https:\/\/pesquisa.ifg.edu.br\/astrobiologiatemainterdisciplinar\/wp-json\/wp\/v2\/pages"}],"about":[{"href":"https:\/\/pesquisa.ifg.edu.br\/astrobiologiatemainterdisciplinar\/wp-json\/wp\/v2\/types\/page"}],"author":[{"embeddable":true,"href":"https:\/\/pesquisa.ifg.edu.br\/astrobiologiatemainterdisciplinar\/wp-json\/wp\/v2\/users\/56"}],"replies":[{"embeddable":true,"href":"https:\/\/pesquisa.ifg.edu.br\/astrobiologiatemainterdisciplinar\/wp-json\/wp\/v2\/comments?post=238"}],"version-history":[{"count":3,"href":"https:\/\/pesquisa.ifg.edu.br\/astrobiologiatemainterdisciplinar\/wp-json\/wp\/v2\/pages\/238\/revisions"}],"predecessor-version":[{"id":241,"href":"https:\/\/pesquisa.ifg.edu.br\/astrobiologiatemainterdisciplinar\/wp-json\/wp\/v2\/pages\/238\/revisions\/241"}],"up":[{"embeddable":true,"href":"https:\/\/pesquisa.ifg.edu.br\/astrobiologiatemainterdisciplinar\/wp-json\/wp\/v2\/pages\/65"}],"wp:attachment":[{"href":"https:\/\/pesquisa.ifg.edu.br\/astrobiologiatemainterdisciplinar\/wp-json\/wp\/v2\/media?parent=238"}],"curies":[{"name":"wp","href":"https:\/\/api.w.org\/{rel}","templated":true}]}}